CRAN Package Check Results for Package rminizinc

Last updated on 2022-08-08 22:55:55 CEST.

Flavor Version Tinstall Tcheck Ttotal Status Flags
r-devel-linux-x86_64-debian-clang 0.0.8 69.88 78.03 147.91 OK
r-devel-linux-x86_64-debian-gcc 0.0.8 55.86 59.48 115.34 OK
r-devel-linux-x86_64-fedora-clang 0.0.8 205.76 NOTE
r-devel-linux-x86_64-fedora-gcc 0.0.8 189.77 OK
r-devel-windows-x86_64 0.0.8 494.00 146.00 640.00 NOTE
r-patched-linux-x86_64 0.0.8 66.91 67.58 134.49 OK
r-release-linux-x86_64 0.0.8 OK
r-release-macos-arm64 0.0.8 56.00 NOTE
r-release-macos-x86_64 0.0.8 73.00 NOTE
r-release-windows-x86_64 0.0.8 568.00 151.00 719.00 NOTE
r-oldrel-macos-arm64 0.0.8 67.00 NOTE
r-oldrel-macos-x86_64 0.0.8 73.00 NOTE
r-oldrel-windows-ix86+x86_64 0.0.8 187.00 116.00 303.00 NOTE

Check Details

Version: 0.0.8
Check: installed package size
Result: NOTE
     installed size is 6.7Mb
     sub-directories of 1Mb or more:
     minizinc 3.4Mb
Flavors: r-devel-linux-x86_64-fedora-clang, r-devel-windows-x86_64, r-release-macos-arm64, r-release-macos-x86_64, r-release-windows-x86_64, r-oldrel-macos-arm64, r-oldrel-macos-x86_64, r-oldrel-windows-ix86+x86_64