CRAN Package Check Results for Package rmoo

Last updated on 2024-02-28 22:59:30 CET.

Flavor Version Tinstall Tcheck Ttotal Status Flags
r-devel-linux-x86_64-debian-clang 0.2.0 13.42 91.50 104.92 NOTE
r-devel-linux-x86_64-debian-gcc 0.2.0 9.21 68.27 77.48 NOTE
r-devel-linux-x86_64-fedora-clang 0.2.0 130.21 NOTE
r-devel-linux-x86_64-fedora-gcc 0.2.0 123.81 NOTE
r-devel-windows-x86_64 0.2.0 12.00 96.00 108.00 OK
r-patched-linux-x86_64 0.2.0 10.73 89.43 100.16 OK
r-release-linux-x86_64 0.2.0 8.24 88.45 96.69 OK
r-release-macos-arm64 0.2.0 38.00 OK
r-release-macos-x86_64 0.2.0 66.00 OK
r-release-windows-x86_64 0.2.0 16.00 109.00 125.00 OK
r-oldrel-macos-arm64 0.2.0 38.00 OK
r-oldrel-windows-x86_64 0.2.0 16.00 101.00 117.00 OK

Check Details

Version: 0.2.0
Check: Rd files
Result: NOTE checkRd: (-1) nsgaControl.Rd:20-27: Lost braces in \itemize; meant \describe ? checkRd: (-1) nsgaControl.Rd:28-35: Lost braces in \itemize; meant \describe ? checkRd: (-1) nsgaControl.Rd:36-43: Lost braces in \itemize; meant \describe ? checkRd: (-1) nsgaControl.Rd:45: Lost braces in \itemize; meant \describe ? checkRd: (-1) plot-methods.Rd:53: Lost braces in \itemize; meant \describe ? checkRd: (-1) plot-methods.Rd:54: Lost braces in \itemize; meant \describe ? checkRd: (-1) plot-methods.Rd:55: Lost braces in \itemize; meant \describe ? checkRd: (-1) plot-methods.Rd:56: Lost braces in \itemize; meant \describe ? Flavors: r-devel-linux-x86_64-debian-clang, r-devel-linux-x86_64-debian-gcc, r-devel-linux-x86_64-fedora-clang, r-devel-linux-x86_64-fedora-gcc