CRAN Package Check Results for Package rmsfuns

Last updated on 2019-09-20 22:50:12 CEST.

Flavor Version Tinstall Tcheck Ttotal Status Flags
r-devel-linux-x86_64-debian-clang 0.0.0.2 5.76 48.65 54.41 NOTE
r-devel-linux-x86_64-debian-gcc 0.0.0.2 5.37 38.16 43.53 NOTE
r-devel-linux-x86_64-fedora-clang 0.0.0.2 68.32 NOTE
r-devel-linux-x86_64-fedora-gcc 0.0.0.2 65.64 NOTE
r-devel-windows-ix86+x86_64 0.0.0.2 38.00 67.00 105.00 OK
r-patched-linux-x86_64 0.0.0.2 5.50 47.00 52.50 NOTE
r-patched-solaris-x86 0.0.0.2 102.90 NOTE
r-release-linux-x86_64 0.0.0.2 5.42 48.52 53.94 NOTE
r-release-windows-ix86+x86_64 0.0.0.2 16.00 102.00 118.00 OK
r-release-osx-x86_64 0.0.0.2 NOTE
r-oldrel-windows-ix86+x86_64 0.0.0.2 8.00 64.00 72.00 OK
r-oldrel-osx-x86_64 0.0.0.2 NOTE

Check Details

Version: 0.0.0.2
Check: dependencies in R code
Result: NOTE
    Missing or unexported object: 'base::shell.exec'
Flavors: r-devel-linux-x86_64-debian-clang, r-devel-linux-x86_64-debian-gcc, r-devel-linux-x86_64-fedora-clang, r-devel-linux-x86_64-fedora-gcc, r-patched-linux-x86_64, r-patched-solaris-x86, r-release-linux-x86_64, r-release-osx-x86_64, r-oldrel-osx-x86_64