CRAN Package Check Results for Package rmsfuns

Last updated on 2021-12-01 22:53:23 CET.

Flavor Version Tinstall Tcheck Ttotal Status Flags
r-devel-linux-x86_64-debian-clang 1.0.0.1 5.44 47.99 53.43 NOTE
r-devel-linux-x86_64-debian-gcc 1.0.0.1 4.07 36.46 40.53 NOTE
r-devel-linux-x86_64-fedora-clang 1.0.0.1 74.35 NOTE
r-devel-linux-x86_64-fedora-gcc 1.0.0.1 62.44 NOTE
r-devel-windows-x86_64-new-UL 1.0.0.1 13.00 87.00 100.00 NOTE
r-devel-windows-x86_64-new-TK 1.0.0.1 NOTE
r-devel-windows-x86_64-old 1.0.0.1 9.00 52.00 61.00 NOTE
r-patched-linux-x86_64 1.0.0.1 4.99 43.95 48.94 NOTE
r-patched-solaris-x86 1.0.0.1 89.80 NOTE
r-release-linux-x86_64 1.0.0.1 3.56 43.51 47.07 NOTE
r-release-macos-arm64 1.0.0.1 NOTE
r-release-macos-x86_64 1.0.0.1 NOTE
r-release-windows-ix86+x86_64 1.0.0.1 13.00 73.00 86.00 NOTE
r-oldrel-macos-x86_64 1.0.0.1 OK
r-oldrel-windows-ix86+x86_64 1.0.0.1 17.00 68.00 85.00 OK

Check Details

Version: 1.0.0.1
Check: LazyData
Result: NOTE
     'LazyData' is specified without a 'data' directory
Flavors: r-devel-linux-x86_64-debian-clang, r-devel-linux-x86_64-debian-gcc, r-devel-linux-x86_64-fedora-clang, r-devel-linux-x86_64-fedora-gcc, r-devel-windows-x86_64-new-UL, r-devel-windows-x86_64-new-TK, r-devel-windows-x86_64-old, r-patched-linux-x86_64, r-patched-solaris-x86, r-release-linux-x86_64, r-release-macos-arm64, r-release-macos-x86_64, r-release-windows-ix86+x86_64