CRAN Package Check Results for Package rmumps

Last updated on 2019-07-18 22:53:19 CEST.

Flavor Version Tinstall Tcheck Ttotal Status Flags
r-devel-linux-x86_64-debian-clang 5.1.2-6 194.62 61.28 255.90 NOTE
r-devel-linux-x86_64-debian-gcc 5.1.2-6 153.00 47.46 200.46 NOTE
r-devel-linux-x86_64-fedora-clang 5.1.2-6 362.10 NOTE
r-devel-linux-x86_64-fedora-gcc 5.1.2-6 348.51 NOTE
r-devel-windows-ix86+x86_64 5.1.2-6 890.00 138.00 1028.00 NOTE
r-patched-linux-x86_64 5.1.2-6 172.37 59.83 232.20 NOTE
r-patched-solaris-x86 5.1.2-6 398.50 NOTE
r-release-linux-x86_64 5.1.2-6 174.08 61.24 235.32 NOTE
r-release-windows-ix86+x86_64 5.1.2-6 566.00 163.00 729.00 NOTE
r-release-osx-x86_64 5.1.2-5 NOTE
r-oldrel-windows-ix86+x86_64 5.1.2-6 549.00 149.00 698.00 NOTE
r-oldrel-osx-x86_64 5.1.2-6 ERROR

Additional issues

LTO

Check Details

Version: 5.1.2-6
Check: for GNU extensions in Makefiles
Result: NOTE
    GNU make is a SystemRequirements.
Flavors: r-devel-linux-x86_64-debian-clang, r-devel-linux-x86_64-debian-gcc, r-devel-linux-x86_64-fedora-clang, r-devel-linux-x86_64-fedora-gcc, r-devel-windows-ix86+x86_64, r-patched-linux-x86_64, r-patched-solaris-x86, r-release-linux-x86_64, r-release-windows-ix86+x86_64, r-oldrel-windows-ix86+x86_64, r-oldrel-osx-x86_64

Version: 5.1.2-6
Check: installed package size
Result: NOTE
     installed size is 11.1Mb
     sub-directories of 1Mb or more:
     libs 10.8Mb
Flavors: r-devel-linux-x86_64-fedora-clang, r-devel-windows-ix86+x86_64, r-release-windows-ix86+x86_64, r-oldrel-windows-ix86+x86_64, r-oldrel-osx-x86_64

Version: 5.1.2-6
Check: dependencies in R code
Result: NOTE
    Namespace in Imports field not imported from: ‘methods’
     All declared Imports should be used.
Flavors: r-devel-linux-x86_64-fedora-clang, r-devel-linux-x86_64-fedora-gcc, r-patched-solaris-x86, r-oldrel-osx-x86_64

Version: 5.1.2-5
Check: installed package size
Result: NOTE
     installed size is 11.2Mb
     sub-directories of 1Mb or more:
     libs 10.9Mb
Flavor: r-release-osx-x86_64

Version: 5.1.2-5
Check: for GNU extensions in Makefiles
Result: NOTE
    GNU make is a SystemRequirements.
Flavor: r-release-osx-x86_64

Version: 5.1.2-6
Check: tests
Result: ERROR
     Running ‘testthat.R’ [10s/10s]
    Running the tests in ‘tests/testthat.R’ failed.
    Last 13 lines of output:
     1: cppFunction(code = code, depends = "rmumps", verbose = TRUE) at testthat/test_rmumps.R:91
     2: sourceCpp(code = code, env = env, rebuild = rebuild, cacheDir = cacheDir, showOutput = showOutput,
     verbose = verbose)
     3: source(scriptPath, local = env)
     4: withVisible(eval(ei, envir))
     5: eval(ei, envir)
     6: eval(ei, envir)
     7: dyn.load("/private/tmp/RtmpW8zxVQ/sourceCpp-x86_64-apple-darwin15.6.0-1.0.1/sourcecpp_155ec5ad75c03/sourceCpp_2.so")
    
     ══ testthat results ═══════════════════════════════════════════════════════════
     OK: 7 SKIPPED: 0 WARNINGS: 1 FAILED: 1
     1. Error: (unknown) (@test_rmumps.R#91)
    
     Error: testthat unit tests failed
     Execution halted
Flavor: r-oldrel-osx-x86_64