CRAN Package Check Results for Package rmumps

Last updated on 2019-10-16 22:56:09 CEST.

Flavor Version Tinstall Tcheck Ttotal Status Flags
r-devel-linux-x86_64-debian-clang 5.2.1-5 240.39 40.91 281.30 NOTE
r-devel-linux-x86_64-debian-gcc 5.2.1-5 180.85 33.12 213.97 NOTE
r-devel-linux-x86_64-fedora-clang 5.2.1-5 419.95 NOTE
r-devel-linux-x86_64-fedora-gcc 5.2.1-5 390.83 NOTE
r-devel-windows-ix86+x86_64 5.2.1-5 853.00 92.00 945.00 NOTE
r-patched-linux-x86_64 5.2.1-5 197.55 39.85 237.40 NOTE
r-patched-solaris-x86 5.2.1-5 327.00 NOTE
r-release-linux-x86_64 5.2.1-5 195.45 40.41 235.86 NOTE
r-release-windows-ix86+x86_64 5.2.1-5 617.00 130.00 747.00 NOTE
r-release-osx-x86_64 5.2.1-5 NOTE
r-oldrel-windows-ix86+x86_64 5.2.1-5 607.00 90.00 697.00 NOTE
r-oldrel-osx-x86_64 5.2.1-5 NOTE

Check Details

Version: 5.2.1-5
Check: for GNU extensions in Makefiles
Result: NOTE
    GNU make is a SystemRequirements.
Flavors: r-devel-linux-x86_64-debian-clang, r-devel-linux-x86_64-debian-gcc, r-devel-linux-x86_64-fedora-clang, r-devel-linux-x86_64-fedora-gcc, r-devel-windows-ix86+x86_64, r-patched-linux-x86_64, r-patched-solaris-x86, r-release-linux-x86_64, r-release-windows-ix86+x86_64, r-release-osx-x86_64, r-oldrel-windows-ix86+x86_64, r-oldrel-osx-x86_64

Version: 5.2.1-5
Check: installed package size
Result: NOTE
     installed size is 12.6Mb
     sub-directories of 1Mb or more:
     libs 12.2Mb
Flavors: r-devel-linux-x86_64-fedora-clang, r-devel-windows-ix86+x86_64, r-release-windows-ix86+x86_64, r-release-osx-x86_64, r-oldrel-windows-ix86+x86_64, r-oldrel-osx-x86_64