CRAN Package Check Results for Package rmutil

Last updated on 2021-09-21 22:51:49 CEST.

Flavor Version Tinstall Tcheck Ttotal Status Flags
r-devel-linux-x86_64-debian-clang 1.1.5 16.74 79.77 96.51 NOTE
r-devel-linux-x86_64-debian-gcc 1.1.5 12.73 57.13 69.86 NOTE
r-devel-linux-x86_64-fedora-clang 1.1.5 124.79 NOTE
r-devel-linux-x86_64-fedora-gcc 1.1.5 115.05 NOTE
r-devel-windows-x86_64 1.1.5 23.00 62.00 85.00 NOTE
r-devel-windows-x86_64-gcc10-UCRT 1.1.5 ERROR
r-patched-linux-x86_64 1.1.5 20.01 75.95 95.96 NOTE
r-patched-solaris-x86 1.1.5 130.20 NOTE
r-release-linux-x86_64 1.1.5 15.10 74.67 89.77 NOTE
r-release-macos-arm64 1.1.5 NOTE
r-release-macos-x86_64 1.1.5 NOTE
r-release-windows-ix86+x86_64 1.1.5 34.00 73.00 107.00 NOTE
r-oldrel-macos-x86_64 1.1.5 OK
r-oldrel-windows-ix86+x86_64 1.1.5 30.00 70.00 100.00 OK

Check Details

Version: 1.1.5
Check: LazyData
Result: NOTE
     'LazyData' is specified without a 'data' directory
Flavors: r-devel-linux-x86_64-debian-clang, r-devel-linux-x86_64-debian-gcc, r-devel-linux-x86_64-fedora-clang, r-devel-linux-x86_64-fedora-gcc, r-devel-windows-x86_64, r-patched-linux-x86_64, r-patched-solaris-x86, r-release-linux-x86_64, r-release-macos-arm64, r-release-macos-x86_64, r-release-windows-ix86+x86_64

Version: 1.1.5
Check: whether package can be installed
Result: ERROR
    Installation failed.
Flavor: r-devel-windows-x86_64-gcc10-UCRT