CRAN Package Check Results for Package rmzqc

Last updated on 2024-04-16 22:55:37 CEST.

Flavor Version Tinstall Tcheck Ttotal Status Flags
r-devel-linux-x86_64-debian-clang 0.5.3 11.83 101.54 113.37 NOTE
r-devel-linux-x86_64-debian-gcc 0.5.3 7.93 73.50 81.43 NOTE
r-devel-linux-x86_64-fedora-clang 0.5.4 142.47 OK
r-devel-linux-x86_64-fedora-gcc 0.5.4 152.44 OK
r-prerel-macos-arm64 0.5.3 55.00 NOTE
r-prerel-macos-x86_64 0.5.4 122.00 OK
r-prerel-windows-x86_64 0.5.3 9.00 101.00 110.00 NOTE
r-patched-linux-x86_64 0.5.3 6.42 97.09 103.51 NOTE
r-release-linux-x86_64 0.5.3 6.67 94.22 100.89 OK
r-release-macos-arm64 0.5.3 59.00 OK
r-release-macos-x86_64 0.5.4 100.00 OK
r-release-windows-x86_64 0.5.3 13.00 113.00 126.00 OK
r-oldrel-macos-arm64 0.5.3 47.00 OK
r-oldrel-windows-x86_64 0.5.3 11.00 129.00 140.00 OK

Check Details

Version: 0.5.3
Check: Rd files
Result: NOTE checkRd: (-1) validateFromString.Rd:6: Lost braces 6 | e.g. the string "{ mzQC : {}}"} | ^ Flavors: r-devel-linux-x86_64-debian-clang, r-devel-linux-x86_64-debian-gcc, r-prerel-macos-arm64, r-prerel-windows-x86_64, r-patched-linux-x86_64