Last updated on 2023-12-07 21:55:59 CET.
Flavor | Version | Tinstall | Tcheck | Ttotal | Status | Flags |
---|---|---|---|---|---|---|
r-devel-linux-x86_64-debian-clang | 0.3.4 | 6.48 | 127.84 | 134.32 | NOTE | |
r-devel-linux-x86_64-debian-gcc | 0.3.4 | 5.59 | 96.98 | 102.57 | NOTE | |
r-devel-linux-x86_64-fedora-clang | 0.3.4 | 166.81 | NOTE | |||
r-devel-linux-x86_64-fedora-gcc | 0.3.4 | 169.64 | NOTE | |||
r-devel-windows-x86_64 | 0.3.4 | 9.00 | 112.00 | 121.00 | NOTE | |
r-patched-linux-x86_64 | 0.3.4 | 6.77 | 125.38 | 132.15 | NOTE | |
r-release-linux-x86_64 | 0.3.4 | 6.21 | 124.52 | 130.73 | NOTE | |
r-release-macos-arm64 | 0.3.4 | 54.00 | NOTE | |||
r-release-macos-x86_64 | 0.3.4 | 114.00 | NOTE | |||
r-release-windows-x86_64 | 0.3.4 | 11.00 | 132.00 | 143.00 | NOTE | |
r-oldrel-macos-arm64 | 0.3.4 | 68.00 | NOTE | |||
r-oldrel-macos-x86_64 | 0.3.4 | 88.00 | NOTE | |||
r-oldrel-windows-x86_64 | 0.3.4 | 10.00 | 134.00 | 144.00 | NOTE |
Version: 0.3.4
Check: package dependencies
Result: NOTE
Package suggested but not available for checking: ‘rnaturalearthhires’
Flavors: r-devel-linux-x86_64-debian-clang, r-devel-linux-x86_64-debian-gcc, r-devel-linux-x86_64-fedora-clang, r-devel-linux-x86_64-fedora-gcc, r-devel-windows-x86_64, r-patched-linux-x86_64, r-release-linux-x86_64, r-release-macos-arm64, r-release-macos-x86_64, r-release-windows-x86_64, r-oldrel-macos-arm64, r-oldrel-macos-x86_64, r-oldrel-windows-x86_64
Version: 0.3.4
Check: Rd cross-references
Result: NOTE
Undeclared package ‘raster’ in Rd xrefs
Flavor: r-devel-linux-x86_64-fedora-clang
Version: 0.3.4
Check: data for non-ASCII characters
Result: NOTE
Note: found 2800 marked UTF-8 strings
Flavors: r-devel-linux-x86_64-fedora-clang, r-devel-linux-x86_64-fedora-gcc