Last updated on 2023-06-05 23:09:41 CEST.
Flavor | Version | Tinstall | Tcheck | Ttotal | Status | Flags |
---|---|---|---|---|---|---|
r-devel-linux-x86_64-debian-clang | 0.3.2 | 6.05 | 124.65 | 130.70 | NOTE | |
r-devel-linux-x86_64-debian-gcc | 0.3.2 | 4.39 | 93.78 | 98.17 | NOTE | |
r-devel-linux-x86_64-fedora-clang | 0.3.2 | 162.21 | NOTE | |||
r-devel-linux-x86_64-fedora-gcc | 0.3.2 | 162.45 | NOTE | |||
r-devel-windows-x86_64 | 0.3.2 | 6.00 | 109.00 | 115.00 | NOTE | |
r-patched-linux-x86_64 | 0.3.2 | 5.94 | 118.37 | 124.31 | NOTE | |
r-release-linux-x86_64 | 0.3.2 | 4.46 | 116.70 | 121.16 | NOTE | |
r-release-macos-arm64 | 0.3.2 | 56.00 | NOTE | |||
r-release-macos-x86_64 | 0.3.2 | 96.00 | NOTE | |||
r-release-windows-x86_64 | 0.3.2 | 10.00 | 133.00 | 143.00 | NOTE | |
r-oldrel-macos-arm64 | 0.3.2 | 47.00 | NOTE | |||
r-oldrel-macos-x86_64 | 0.3.2 | 64.00 | NOTE | |||
r-oldrel-windows-x86_64 | 0.3.2 | 10.00 | 133.00 | 143.00 | NOTE |
Version: 0.3.2
Check: package dependencies
Result: NOTE
Package suggested but not available for checking: ‘rnaturalearthhires’
Flavors: r-devel-linux-x86_64-debian-clang, r-devel-linux-x86_64-debian-gcc, r-devel-linux-x86_64-fedora-clang, r-devel-linux-x86_64-fedora-gcc, r-devel-windows-x86_64, r-patched-linux-x86_64, r-release-linux-x86_64, r-release-macos-arm64, r-release-macos-x86_64, r-release-windows-x86_64, r-oldrel-macos-arm64, r-oldrel-macos-x86_64, r-oldrel-windows-x86_64
Version: 0.3.2
Check: Rd cross-references
Result: NOTE
Undeclared package ‘raster’ in Rd xrefs
Flavor: r-devel-linux-x86_64-fedora-clang
Version: 0.3.2
Check: data for non-ASCII characters
Result: NOTE
Note: found 416 marked Latin-1 strings
Flavors: r-devel-linux-x86_64-fedora-clang, r-devel-linux-x86_64-fedora-gcc