CRAN Package Check Results for Package rnetcarto

Last updated on 2020-01-18 22:48:44 CET.

Flavor Version Tinstall Tcheck Ttotal Status Flags
r-devel-linux-x86_64-debian-clang 0.2.4 4.55 27.08 31.63 OK
r-devel-linux-x86_64-debian-gcc 0.2.4 3.41 21.09 24.50 OK
r-devel-linux-x86_64-fedora-clang 0.2.4 39.15 NOTE
r-devel-linux-x86_64-fedora-gcc 0.2.4 37.61 NOTE
r-devel-windows-ix86+x86_64 0.2.4 17.00 63.00 80.00 OK
r-devel-windows-ix86+x86_64-gcc8 0.2.4 14.00 65.00 79.00 OK
r-patched-linux-x86_64 0.2.4 3.25 24.63 27.88 OK
r-patched-solaris-x86 0.2.4 51.60 OK
r-release-linux-x86_64 0.2.4 3.43 24.43 27.86 OK
r-release-windows-ix86+x86_64 0.2.4 16.00 46.00 62.00 OK
r-release-osx-x86_64 0.2.4 OK
r-oldrel-windows-ix86+x86_64 0.2.4 13.00 46.00 59.00 OK
r-oldrel-osx-x86_64 0.2.4 OK

Check Details

Version: 0.2.4
Check: compiled code
Result: NOTE
    File ‘rnetcarto/libs/rnetcarto.so’:
     Found no calls to: ‘R_registerRoutines’, ‘R_useDynamicSymbols’
    
    It is good practice to register native routines and to disable symbol
    search.
    
    See ‘Writing portable packages’ in the ‘Writing R Extensions’ manual.
Flavors: r-devel-linux-x86_64-fedora-clang, r-devel-linux-x86_64-fedora-gcc