CRAN Package Check Results for Package rnetcarto

Last updated on 2019-08-25 22:47:11 CEST.

Flavor Version Tinstall Tcheck Ttotal Status Flags
r-devel-linux-x86_64-debian-clang 0.2.4 4.14 23.89 28.03 OK
r-devel-linux-x86_64-debian-gcc 0.2.4 3.14 19.26 22.40 OK
r-devel-linux-x86_64-fedora-clang 0.2.4 37.29 NOTE
r-devel-linux-x86_64-fedora-gcc 0.2.4 34.37 NOTE
r-devel-windows-ix86+x86_64 0.2.4 20.00 43.00 63.00 OK
r-patched-linux-x86_64 0.2.4 3.40 23.92 27.32 OK
r-patched-solaris-x86 0.2.4 65.40 OK
r-release-linux-x86_64 0.2.4 3.44 23.95 27.39 OK
r-release-windows-ix86+x86_64 0.2.4 16.00 56.00 72.00 OK
r-release-osx-x86_64 0.2.4 OK
r-oldrel-windows-ix86+x86_64 0.2.4 13.00 62.00 75.00 OK
r-oldrel-osx-x86_64 0.2.4 OK

Check Details

Version: 0.2.4
Check: compiled code
Result: NOTE
    File ‘rnetcarto/libs/rnetcarto.so’:
     Found no calls to: ‘R_registerRoutines’, ‘R_useDynamicSymbols’
    
    It is good practice to register native routines and to disable symbol
    search.
    
    See ‘Writing portable packages’ in the ‘Writing R Extensions’ manual.
Flavors: r-devel-linux-x86_64-fedora-clang, r-devel-linux-x86_64-fedora-gcc