CRAN Package Check Results for Package robCompositions

Last updated on 2021-05-10 22:52:11 CEST.

Flavor Version Tinstall Tcheck Ttotal Status Flags
r-devel-linux-x86_64-debian-clang 2.3.0 116.81 277.79 394.60 OK
r-devel-linux-x86_64-debian-gcc 2.3.0 80.43 206.83 287.26 OK
r-devel-linux-x86_64-fedora-clang 2.3.0 528.75 NOTE
r-devel-linux-x86_64-fedora-gcc 2.3.0 470.82 OK
r-devel-windows-x86_64-gcc10-UCRT 2.3.0 OK
r-patched-linux-x86_64 2.3.0 101.39 261.76 363.15 OK
r-patched-solaris-x86 2.3.0 561.50 OK
r-release-linux-x86_64 2.3.0 94.67 256.07 350.74 OK
r-release-macos-x86_64 2.3.0 NOTE
r-release-windows-ix86+x86_64 2.3.0 178.00 208.00 386.00 NOTE --no-examples --no-tests --no-vignettes
r-oldrel-macos-x86_64 2.3.0 NOTE
r-oldrel-windows-ix86+x86_64 2.3.0 214.00 197.00 411.00 OK --no-examples --no-tests --no-vignettes

Check Details

Version: 2.3.0
Check: installed package size
Result: NOTE
     installed size is 17.9Mb
     sub-directories of 1Mb or more:
     data 1.4Mb
     libs 15.2Mb
Flavors: r-devel-linux-x86_64-fedora-clang, r-release-macos-x86_64, r-oldrel-macos-x86_64

Version: 2.3.0
Check: Rd cross-references
Result: NOTE
    Undeclared packages ‘mvoutlier’, ‘StatDA’ in Rd xrefs
Flavor: r-devel-linux-x86_64-fedora-clang

Version: 2.3.0
Flags: --no-examples --no-tests --no-vignettes
Check: installed package size
Result: NOTE
     installed size is 5.3Mb
     sub-directories of 1Mb or more:
     data 1.4Mb
     libs 2.6Mb
Flavor: r-release-windows-ix86+x86_64