CRAN Package Check Results for Package roboBayes

Last updated on 2023-09-23 23:00:56 CEST.

Flavor Version Tinstall Tcheck Ttotal Status Flags
r-devel-linux-x86_64-debian-clang 1.1 200.38 29.13 229.51 NOTE
r-devel-linux-x86_64-debian-gcc 1.1 138.41 23.11 161.52 NOTE
r-devel-linux-x86_64-fedora-clang 1.1 358.10 NOTE
r-devel-linux-x86_64-fedora-gcc 1.1 358.03 NOTE
r-devel-windows-x86_64 1.1 149.00 70.00 219.00 NOTE
r-patched-linux-x86_64 1.1 184.00 29.00 213.00 NOTE
r-release-linux-x86_64 1.1 206.12 29.19 235.31 NOTE
r-release-macos-arm64 1.1 70.00 NOTE
r-release-macos-x86_64 1.1 116.00 NOTE
r-release-windows-x86_64 1.1 200.00 79.00 279.00 NOTE
r-oldrel-macos-arm64 1.1 76.00 NOTE
r-oldrel-macos-x86_64 1.1 88.00 NOTE
r-oldrel-windows-x86_64 1.1 190.00 71.00 261.00 OK

Check Details

Version: 1.1
Check: C++ specification
Result: NOTE
     Specified C++11: please drop specification unless essential
Flavors: r-devel-linux-x86_64-debian-clang, r-devel-linux-x86_64-debian-gcc, r-devel-linux-x86_64-fedora-clang, r-devel-linux-x86_64-fedora-gcc, r-devel-windows-x86_64, r-patched-linux-x86_64, r-release-linux-x86_64, r-release-macos-arm64, r-release-macos-x86_64, r-release-windows-x86_64

Version: 1.1
Check: installed package size
Result: NOTE
     installed size is 7.3Mb
     sub-directories of 1Mb or more:
     libs 7.2Mb
Flavors: r-release-macos-arm64, r-release-macos-x86_64, r-oldrel-macos-arm64, r-oldrel-macos-x86_64