Last updated on 2024-04-18 22:52:57 CEST.
Flavor | Version | Tinstall | Tcheck | Ttotal | Status | Flags |
---|---|---|---|---|---|---|
r-devel-linux-x86_64-debian-clang | 1.2 | 225.09 | 30.24 | 255.33 | OK | |
r-devel-linux-x86_64-debian-gcc | 1.2 | 161.51 | 23.33 | 184.84 | OK | |
r-devel-linux-x86_64-fedora-clang | 1.2 | 375.17 | OK | |||
r-devel-linux-x86_64-fedora-gcc | 1.2 | 366.49 | OK | |||
r-prerel-macos-arm64 | 1.2 | 59.00 | NOTE | |||
r-prerel-windows-x86_64 | 1.2 | 163.00 | 70.00 | 233.00 | OK | |
r-patched-linux-x86_64 | 1.2 | 201.32 | 28.96 | 230.28 | OK | |
r-release-linux-x86_64 | 1.2 | 208.38 | 28.85 | 237.23 | OK | |
r-release-macos-arm64 | 1.2 | 68.00 | NOTE | |||
r-release-macos-x86_64 | 1.2 | 87.00 | NOTE | |||
r-release-windows-x86_64 | 1.2 | 195.00 | 72.00 | 267.00 | OK | |
r-oldrel-macos-arm64 | 1.2 | 68.00 | NOTE | |||
r-oldrel-windows-x86_64 | 1.2 | 192.00 | 71.00 | 263.00 | OK |
Version: 1.2
Check: installed package size
Result: NOTE
installed size is 6.9Mb
sub-directories of 1Mb or more:
libs 6.8Mb
Flavors: r-prerel-macos-arm64, r-release-macos-arm64, r-release-macos-x86_64, r-oldrel-macos-arm64