CRAN Package Check Results for Package robotstxt

Last updated on 2021-10-24 22:50:33 CEST.

Flavor Version Tinstall Tcheck Ttotal Status Flags
r-devel-linux-x86_64-debian-clang 0.7.13 2.97 37.44 40.41 NOTE
r-devel-linux-x86_64-debian-gcc 0.7.13 2.55 29.21 31.76 NOTE
r-devel-linux-x86_64-fedora-clang 0.7.13 60.00 NOTE
r-devel-linux-x86_64-fedora-gcc 0.7.13 50.19 NOTE
r-devel-windows-x86_64 0.7.13 6.00 66.00 72.00 WARN
r-devel-windows-x86_64-gcc10-UCRT 0.7.13 NOTE
r-patched-linux-x86_64 0.7.13 3.31 36.63 39.94 NOTE
r-patched-solaris-x86 0.7.13 72.60 NOTE
r-release-linux-x86_64 0.7.13 3.20 36.45 39.65 NOTE
r-release-macos-arm64 0.7.13 NOTE
r-release-macos-x86_64 0.7.13 NOTE
r-release-windows-ix86+x86_64 0.7.13 6.00 56.00 62.00 NOTE
r-oldrel-macos-x86_64 0.7.13 NOTE
r-oldrel-windows-ix86+x86_64 0.7.13 8.00 62.00 70.00 OK

Check Details

Version: 0.7.13
Check: LazyData
Result: NOTE
     'LazyData' is specified without a 'data' directory
Flavors: r-devel-linux-x86_64-debian-clang, r-devel-linux-x86_64-debian-gcc, r-devel-linux-x86_64-fedora-clang, r-devel-linux-x86_64-fedora-gcc, r-devel-windows-x86_64, r-devel-windows-x86_64-gcc10-UCRT, r-patched-linux-x86_64, r-patched-solaris-x86, r-release-linux-x86_64, r-release-macos-arm64, r-release-macos-x86_64, r-release-windows-ix86+x86_64

Version: 0.7.13
Check: dependencies in R code
Result: NOTE
    Namespace in Imports field not imported from: ‘future’
     All declared Imports should be used.
Flavors: r-devel-linux-x86_64-fedora-clang, r-devel-linux-x86_64-fedora-gcc, r-devel-windows-x86_64-gcc10-UCRT, r-patched-solaris-x86, r-release-macos-arm64, r-release-macos-x86_64, r-oldrel-macos-x86_64

Version: 0.7.13
Check: re-building of vignette outputs
Result: WARN
    Error(s) in re-building vignettes:
    --- re-building 'using_robotstxt.Rmd' using rmarkdown
    
     google.com
    
    
     google.com
    
    
    Attaching package: 'dplyr'
    
    The following objects are masked from 'package:stats':
    
     filter, lag
    
    The following objects are masked from 'package:base':
    
     intersect, setdiff, setequal, union
    
    Quitting from lines 126-131 (using_robotstxt.Rmd)
    Error: processing vignette 'using_robotstxt.Rmd' failed with diagnostics:
    Timeout was reached: [www.wikipedia.org] Connection timed out after 10013 milliseconds
    --- failed re-building 'using_robotstxt.Rmd'
    
    SUMMARY: processing the following file failed:
     'using_robotstxt.Rmd'
    
    Error: Vignette re-building failed.
    Execution halted
Flavor: r-devel-windows-x86_64