CRAN Package Check Results for Package robotstxt

Last updated on 2019-09-15 22:49:31 CEST.

Flavor Version Tinstall Tcheck Ttotal Status Flags
r-devel-linux-x86_64-debian-clang 0.6.2 2.37 28.14 30.51 OK
r-devel-linux-x86_64-debian-gcc 0.6.2 1.94 22.63 24.57 OK
r-devel-linux-x86_64-fedora-clang 0.6.2 36.45 NOTE
r-devel-linux-x86_64-fedora-gcc 0.6.2 35.92 NOTE
r-devel-windows-ix86+x86_64 0.6.2 10.00 42.00 52.00 OK
r-patched-linux-x86_64 0.6.2 1.97 27.54 29.51 OK
r-patched-solaris-x86 0.6.2 54.80 NOTE
r-release-linux-x86_64 0.6.2 2.15 28.10 30.25 OK
r-release-windows-ix86+x86_64 0.6.2 5.00 38.00 43.00 OK
r-release-osx-x86_64 0.6.2 NOTE
r-oldrel-windows-ix86+x86_64 0.6.2 7.00 43.00 50.00 OK
r-oldrel-osx-x86_64 0.6.2 NOTE

Check Details

Version: 0.6.2
Check: dependencies in R code
Result: NOTE
    Namespace in Imports field not imported from: ‘future’
     All declared Imports should be used.
Flavors: r-devel-linux-x86_64-fedora-clang, r-devel-linux-x86_64-fedora-gcc, r-patched-solaris-x86, r-release-osx-x86_64, r-oldrel-osx-x86_64