CRAN Package Check Results for Package robotstxt

Last updated on 2021-08-02 22:54:47 CEST.

Flavor Version Tinstall Tcheck Ttotal Status Flags
r-devel-linux-x86_64-debian-clang 0.7.13 3.11 41.31 44.42 NOTE
r-devel-linux-x86_64-debian-gcc 0.7.13 2.36 31.14 33.50 NOTE
r-devel-linux-x86_64-fedora-clang 0.7.13 60.46 NOTE
r-devel-linux-x86_64-fedora-gcc 0.7.13 50.96 NOTE
r-devel-windows-x86_64 0.7.13 4.00 61.00 65.00 NOTE
r-devel-windows-x86_64-gcc10-UCRT 0.7.13 NOTE
r-patched-linux-x86_64 0.7.13 NOTE
r-patched-solaris-x86 0.7.13 74.70 NOTE
r-release-linux-x86_64 0.7.13 3.02 38.67 41.69 NOTE
r-release-macos-arm64 0.7.13 NOTE
r-release-macos-x86_64 0.7.13 NOTE
r-release-windows-ix86+x86_64 0.7.13 7.00 61.00 68.00 NOTE
r-oldrel-macos-x86_64 0.7.13 NOTE
r-oldrel-windows-ix86+x86_64 0.7.13 6.00 57.00 63.00 OK

Check Details

Version: 0.7.13
Check: LazyData
Result: NOTE
     'LazyData' is specified without a 'data' directory
Flavors: r-devel-linux-x86_64-debian-clang, r-devel-linux-x86_64-debian-gcc, r-devel-linux-x86_64-fedora-clang, r-devel-linux-x86_64-fedora-gcc, r-devel-windows-x86_64, r-devel-windows-x86_64-gcc10-UCRT, r-patched-linux-x86_64, r-patched-solaris-x86, r-release-linux-x86_64, r-release-macos-arm64, r-release-macos-x86_64, r-release-windows-ix86+x86_64

Version: 0.7.13
Check: dependencies in R code
Result: NOTE
    Namespace in Imports field not imported from: ‘future’
     All declared Imports should be used.
Flavors: r-devel-linux-x86_64-fedora-clang, r-devel-linux-x86_64-fedora-gcc, r-devel-windows-x86_64-gcc10-UCRT, r-patched-solaris-x86, r-release-macos-arm64, r-release-macos-x86_64, r-oldrel-macos-x86_64