CRAN Package Check Results for Package robustHD

Last updated on 2020-02-24 22:50:36 CET.

Flavor Version Tinstall Tcheck Ttotal Status Flags
r-devel-linux-x86_64-debian-clang 0.6.1 117.21 100.45 217.66 OK
r-devel-linux-x86_64-debian-gcc 0.6.1 79.11 74.16 153.27 OK
r-devel-linux-x86_64-fedora-clang 0.6.1 287.11 NOTE
r-devel-linux-x86_64-fedora-gcc 0.6.1 276.50 OK
r-devel-windows-ix86+x86_64 0.6.1 233.00 159.00 392.00 OK
r-devel-windows-ix86+x86_64-gcc8 0.6.1 334.00 163.00 497.00 OK
r-patched-linux-x86_64 0.6.1 94.27 91.23 185.50 OK
r-patched-solaris-x86 0.6.1 294.00 OK
r-release-linux-x86_64 0.6.1 92.71 91.51 184.22 OK
r-release-windows-ix86+x86_64 0.6.1 203.00 172.00 375.00 OK
r-release-osx-x86_64 0.6.1 NOTE
r-oldrel-windows-ix86+x86_64 0.6.1 198.00 168.00 366.00 OK
r-oldrel-osx-x86_64 0.6.1 NOTE

Check Details

Version: 0.6.1
Check: installed package size
Result: NOTE
     installed size is 6.4Mb
     sub-directories of 1Mb or more:
     libs 5.9Mb
Flavors: r-devel-linux-x86_64-fedora-clang, r-release-osx-x86_64, r-oldrel-osx-x86_64