CRAN Package Check Results for Package robustHD

Last updated on 2019-09-18 22:52:48 CEST.

Flavor Version Tinstall Tcheck Ttotal Status Flags
r-devel-linux-x86_64-debian-clang 0.5.1 101.45 83.82 185.27 OK
r-devel-linux-x86_64-debian-gcc 0.5.1 80.91 63.73 144.64 OK
r-devel-linux-x86_64-fedora-clang 0.5.1 266.73 NOTE
r-devel-linux-x86_64-fedora-gcc 0.5.1 254.73 NOTE
r-devel-windows-ix86+x86_64 0.5.1 249.00 199.00 448.00 OK
r-patched-linux-x86_64 0.5.1 88.02 83.47 171.49 OK
r-patched-solaris-x86 0.5.1 268.00 OK
r-release-linux-x86_64 0.5.1 85.86 84.38 170.24 OK
r-release-windows-ix86+x86_64 0.5.1 174.00 146.00 320.00 OK
r-release-osx-x86_64 0.5.1 NOTE
r-oldrel-windows-ix86+x86_64 0.5.1 176.00 141.00 317.00 OK
r-oldrel-osx-x86_64 0.5.1 OK

Check Details

Version: 0.5.1
Check: installed package size
Result: NOTE
     installed size is 6.2Mb
     sub-directories of 1Mb or more:
     libs 5.6Mb
Flavors: r-devel-linux-x86_64-fedora-clang, r-release-osx-x86_64

Version: 0.5.1
Check: compiled code
Result: NOTE
    File ‘robustHD/libs/robustHD.so’:
     Found no calls to: ‘R_registerRoutines’, ‘R_useDynamicSymbols’
    
    It is good practice to register native routines and to disable symbol
    search.
    
    See ‘Writing portable packages’ in the ‘Writing R Extensions’ manual.
Flavors: r-devel-linux-x86_64-fedora-clang, r-devel-linux-x86_64-fedora-gcc