CRAN Package Check Results for Package robustSingleCell

Last updated on 2021-05-14 23:50:59 CEST.

Flavor Version Tinstall Tcheck Ttotal Status Flags
r-devel-linux-x86_64-debian-clang 0.1.1 30.63 144.55 175.18 NOTE
r-devel-linux-x86_64-debian-gcc 0.1.1 20.14 108.22 128.36 NOTE
r-devel-linux-x86_64-fedora-clang 0.1.1 232.05 NOTE
r-devel-linux-x86_64-fedora-gcc 0.1.1 215.99 NOTE
r-devel-windows-ix86+x86_64 0.1.1 67.00 203.00 270.00 NOTE
r-devel-windows-x86_64-gcc10-UCRT 0.1.1 NOTE
r-patched-linux-x86_64 0.1.1 24.95 135.05 160.00 NOTE
r-patched-solaris-x86 0.1.1 275.30 NOTE
r-release-linux-x86_64 0.1.1 24.56 133.57 158.13 OK
r-release-macos-x86_64 0.1.1 OK
r-release-windows-ix86+x86_64 0.1.1 50.00 281.00 331.00 NOTE
r-oldrel-macos-x86_64 0.1.1 OK
r-oldrel-windows-ix86+x86_64 0.1.1 61.00 271.00 332.00 OK

Check Details

Version: 0.1.1
Check: LazyData
Result: NOTE
     'LazyData' is specified without a 'data' directory
Flavors: r-devel-linux-x86_64-debian-clang, r-devel-linux-x86_64-debian-gcc, r-devel-linux-x86_64-fedora-clang, r-devel-linux-x86_64-fedora-gcc, r-devel-windows-ix86+x86_64, r-devel-windows-x86_64-gcc10-UCRT, r-patched-linux-x86_64, r-patched-solaris-x86

Version: 0.1.1
Check: installed package size
Result: NOTE
     installed size is 5.3Mb
     sub-directories of 1Mb or more:
     doc 2.7Mb
     libs 2.0Mb
Flavors: r-devel-windows-ix86+x86_64, r-release-windows-ix86+x86_64