CRAN Package Check Results for Package robustlmm

Last updated on 2019-10-16 22:56:09 CEST.

Flavor Version Tinstall Tcheck Ttotal Status Flags
r-devel-linux-x86_64-debian-clang 2.3 222.76 297.73 520.49 OK
r-devel-linux-x86_64-debian-gcc 2.3 183.00 229.28 412.28 OK
r-devel-linux-x86_64-fedora-clang 2.3 706.64 NOTE
r-devel-linux-x86_64-fedora-gcc 2.3 694.43 OK
r-devel-windows-ix86+x86_64 2.3 529.00 391.00 920.00 OK
r-patched-linux-x86_64 2.3 190.80 288.26 479.06 OK
r-patched-solaris-x86 2.3 635.30 OK
r-release-linux-x86_64 2.3 193.34 291.75 485.09 OK
r-release-windows-ix86+x86_64 2.3 374.00 535.00 909.00 OK
r-release-osx-x86_64 2.3 NOTE
r-oldrel-windows-ix86+x86_64 2.3 365.00 387.00 752.00 OK
r-oldrel-osx-x86_64 2.3 NOTE

Check Details

Version: 2.3
Check: installed package size
Result: NOTE
     installed size is 32.7Mb
     sub-directories of 1Mb or more:
     libs 31.6Mb
Flavors: r-devel-linux-x86_64-fedora-clang, r-release-osx-x86_64, r-oldrel-osx-x86_64