CRAN Package Check Results for Package robustreg

Last updated on 2019-07-17 22:54:38 CEST.

Flavor Version Tinstall Tcheck Ttotal Status Flags
r-devel-linux-x86_64-debian-clang 0.1-11 44.76 51.35 96.11 OK
r-devel-linux-x86_64-debian-gcc 0.1-11 32.65 41.88 74.53 OK
r-devel-linux-x86_64-fedora-clang 0.1-11 130.58 OK
r-devel-linux-x86_64-fedora-gcc 0.1-11 125.40 OK
r-devel-windows-ix86+x86_64 0.1-11 103.00 119.00 222.00 OK
r-patched-linux-x86_64 0.1-11 41.60 51.36 92.96 OK
r-patched-solaris-x86 0.1-11 159.10 OK
r-release-linux-x86_64 0.1-11 42.85 51.34 94.19 OK
r-release-windows-ix86+x86_64 0.1-11 73.00 120.00 193.00 OK
r-release-osx-x86_64 0.1-11 OK
r-oldrel-windows-ix86+x86_64 0.1-10 101.00 79.00 180.00 OK
r-oldrel-osx-x86_64 0.1-11 ERROR

Check Details

Version: 0.1-11
Check: package dependencies
Result: ERROR
    Package required and available but unsuitable version: ‘stats’
    
    See section ‘The DESCRIPTION file’ in the ‘Writing R Extensions’
    manual.
Flavor: r-oldrel-osx-x86_64