CRAN Package Check Results for Package robustsae

Last updated on 2020-02-17 22:49:46 CET.

Flavor Version Tinstall Tcheck Ttotal Status Flags
r-devel-linux-x86_64-debian-clang 0.1.0 0.38 2.32 2.70 ERROR
r-devel-linux-x86_64-debian-gcc 0.1.0 6.70 62.64 69.34 OK
r-devel-linux-x86_64-fedora-clang 0.1.0 106.40 OK
r-devel-linux-x86_64-fedora-gcc 0.1.0 106.89 OK
r-devel-windows-ix86+x86_64 0.1.0 16.00 85.00 101.00 OK
r-devel-windows-ix86+x86_64-gcc8 0.1.0 26.00 84.00 110.00 OK
r-patched-linux-x86_64 0.1.0 7.06 68.10 75.16 OK
r-patched-solaris-x86 0.1.0 149.60 OK
r-release-linux-x86_64 0.1.0 6.98 69.46 76.44 OK
r-release-windows-ix86+x86_64 0.1.0 14.00 77.00 91.00 OK
r-release-osx-x86_64 0.1.0 OK
r-oldrel-windows-ix86+x86_64 0.1.0 9.00 104.00 113.00 OK
r-oldrel-osx-x86_64 0.1.0 OK

Check Details

Version: 0.1.0
Check: package dependencies
Result: ERROR
    Package required but not available: 'MCMCpack'
    
    See section 'The DESCRIPTION file' in the 'Writing R Extensions'
    manual.
Flavor: r-devel-linux-x86_64-debian-clang