CRAN Package Check Results for Package rocTree

Last updated on 2021-05-17 22:56:38 CEST.

Flavor Version Tinstall Tcheck Ttotal Status Flags
r-devel-linux-x86_64-debian-clang 1.1.1 157.73 104.15 261.88 OK
r-devel-linux-x86_64-debian-gcc 1.1.1 108.46 77.58 186.04 OK
r-devel-linux-x86_64-fedora-clang 1.1.1 355.35 NOTE
r-devel-linux-x86_64-fedora-gcc 1.1.1 329.33 OK
r-devel-windows-ix86+x86_64 1.1.1 388.00 128.00 516.00 OK
r-devel-windows-x86_64-gcc10-UCRT 1.1.1 OK
r-patched-linux-x86_64 1.1.1 134.27 96.95 231.22 OK
r-patched-solaris-x86 1.1.1 348.40 OK
r-release-linux-x86_64 1.1.1 130.98 94.13 225.11 OK
r-release-macos-x86_64 1.1.1 NOTE
r-release-windows-ix86+x86_64 1.1.1 278.00 134.00 412.00 OK
r-oldrel-macos-x86_64 1.1.1 NOTE
r-oldrel-windows-ix86+x86_64 1.1.1 245.00 175.00 420.00 OK

Check Details

Version: 1.1.1
Check: installed package size
Result: NOTE
     installed size is 6.6Mb
     sub-directories of 1Mb or more:
     libs 6.4Mb
Flavors: r-devel-linux-x86_64-fedora-clang, r-release-macos-x86_64, r-oldrel-macos-x86_64