CRAN Package Check Results for Package rockr

Last updated on 2021-11-30 22:54:42 CET.

Flavor Version Tinstall Tcheck Ttotal Status Flags
r-devel-linux-x86_64-debian-clang 1.0.0 3.35 28.62 31.97 NOTE
r-devel-linux-x86_64-debian-gcc 1.0.0 2.40 22.97 25.37 NOTE
r-devel-linux-x86_64-fedora-clang 1.0.0 49.94 NOTE
r-devel-linux-x86_64-fedora-gcc 1.0.0 38.55 NOTE
r-devel-windows-x86_64-new-UL 1.0.0 11.00 65.00 76.00 NOTE
r-devel-windows-x86_64-new-TK 1.0.0 NOTE
r-devel-windows-x86_64-old 1.0.0 6.00 36.00 42.00 NOTE
r-patched-linux-x86_64 1.0.0 3.34 27.73 31.07 NOTE
r-patched-solaris-x86 1.0.0 58.10 NOTE
r-release-linux-x86_64 1.0.0 3.06 27.55 30.61 NOTE
r-release-macos-arm64 1.0.0 NOTE
r-release-macos-x86_64 1.0.0 NOTE
r-release-windows-ix86+x86_64 1.0.0 7.00 35.00 42.00 NOTE
r-oldrel-macos-x86_64 1.0.0 NOTE
r-oldrel-windows-ix86+x86_64 1.0.0 5.00 37.00 42.00 OK

Check Details

Version: 1.0.0
Check: LazyData
Result: NOTE
     'LazyData' is specified without a 'data' directory
Flavors: r-devel-linux-x86_64-debian-clang, r-devel-linux-x86_64-debian-gcc, r-devel-linux-x86_64-fedora-clang, r-devel-linux-x86_64-fedora-gcc, r-devel-windows-x86_64-new-UL, r-devel-windows-x86_64-new-TK, r-devel-windows-x86_64-old, r-patched-linux-x86_64, r-patched-solaris-x86, r-release-linux-x86_64, r-release-macos-arm64, r-release-macos-x86_64, r-release-windows-ix86+x86_64

Version: 1.0.0
Check: dependencies in R code
Result: NOTE
    Namespace in Imports field not imported from: ‘progress’
     All declared Imports should be used.
Flavors: r-devel-linux-x86_64-fedora-clang, r-devel-linux-x86_64-fedora-gcc, r-devel-windows-x86_64-new-TK, r-patched-solaris-x86, r-release-macos-arm64, r-release-macos-x86_64, r-oldrel-macos-x86_64