CRAN Package Check Results for Package rodham

Last updated on 2019-12-09 22:51:24 CET.

Flavor Version Tinstall Tcheck Ttotal Status Flags
r-devel-linux-x86_64-debian-clang 0.1.1 3.48 35.77 39.25 OK
r-devel-linux-x86_64-debian-gcc 0.1.1 3.48 27.42 30.90 OK
r-devel-linux-x86_64-fedora-clang 0.1.1 48.10 NOTE
r-devel-linux-x86_64-fedora-gcc 0.1.1 47.64 NOTE
r-devel-windows-ix86+x86_64 0.1.1 9.00 64.00 73.00 OK
r-devel-windows-ix86+x86_64-gcc8 0.1.1 9.00 66.00 75.00 OK
r-patched-linux-x86_64 0.1.1 2.88 32.21 35.09 OK
r-patched-solaris-x86 0.1.1 67.60 NOTE
r-release-linux-x86_64 0.1.1 3.68 33.47 37.15 OK
r-release-windows-ix86+x86_64 0.1.1 7.00 47.00 54.00 OK
r-release-osx-x86_64 0.1.1 NOTE
r-oldrel-windows-ix86+x86_64 0.1.1 5.00 71.00 76.00 OK
r-oldrel-osx-x86_64 0.1.1 NOTE

Check Details

Version: 0.1.1
Check: dependencies in R code
Result: NOTE
    Namespace in Imports field not imported from: ‘stringr’
     All declared Imports should be used.
Flavors: r-devel-linux-x86_64-fedora-clang, r-devel-linux-x86_64-fedora-gcc, r-patched-solaris-x86, r-release-osx-x86_64, r-oldrel-osx-x86_64

Version: 0.1.1
Check: data for non-ASCII characters
Result: NOTE
     Note: found 59 marked UTF-8 strings
Flavors: r-devel-linux-x86_64-fedora-clang, r-devel-linux-x86_64-fedora-gcc, r-patched-solaris-x86, r-release-osx-x86_64, r-oldrel-osx-x86_64