CRAN Package Check Results for Package rodham

Last updated on 2019-08-21 22:48:49 CEST.

Flavor Version Tinstall Tcheck Ttotal Status Flags
r-devel-linux-x86_64-debian-clang 0.1.1 3.60 33.35 36.95 OK
r-devel-linux-x86_64-debian-gcc 0.1.1 OK
r-devel-linux-x86_64-fedora-clang 0.1.1 45.97 NOTE
r-devel-linux-x86_64-fedora-gcc 0.1.1 43.32 NOTE
r-devel-windows-ix86+x86_64 0.1.1 14.00 50.00 64.00 OK
r-patched-linux-x86_64 0.1.1 3.62 32.54 36.16 OK
r-patched-solaris-x86 0.1.1 70.20 NOTE
r-release-linux-x86_64 0.1.1 3.36 32.18 35.54 OK
r-release-windows-ix86+x86_64 0.1.1 8.00 47.00 55.00 OK
r-release-osx-x86_64 0.1.1 NOTE
r-oldrel-windows-ix86+x86_64 0.1.1 8.00 60.00 68.00 OK
r-oldrel-osx-x86_64 0.1.1 NOTE

Check Details

Version: 0.1.1
Check: dependencies in R code
Result: NOTE
    Namespace in Imports field not imported from: ‘stringr’
     All declared Imports should be used.
Flavors: r-devel-linux-x86_64-fedora-clang, r-devel-linux-x86_64-fedora-gcc, r-patched-solaris-x86, r-release-osx-x86_64, r-oldrel-osx-x86_64

Version: 0.1.1
Check: data for non-ASCII characters
Result: NOTE
     Note: found 59 marked UTF-8 strings
Flavors: r-devel-linux-x86_64-fedora-clang, r-devel-linux-x86_64-fedora-gcc, r-patched-solaris-x86, r-release-osx-x86_64, r-oldrel-osx-x86_64