CRAN Package Check Results for Package roloc

Last updated on 2023-09-28 23:08:57 CEST.

Flavor Version Tinstall Tcheck Ttotal Status Flags
r-devel-linux-x86_64-debian-clang 0.1-1 3.26 31.05 34.31 NOTE
r-devel-linux-x86_64-debian-gcc 0.1-1 2.54 24.55 27.09 NOTE
r-devel-linux-x86_64-fedora-clang 0.1-1 43.51 NOTE
r-devel-linux-x86_64-fedora-gcc 0.1-1 41.20 NOTE
r-devel-windows-x86_64 0.1-1 8.00 47.00 55.00 NOTE
r-patched-linux-x86_64 0.1-1 3.53 30.31 33.84 OK
r-release-linux-x86_64 0.1-1 3.30 30.55 33.85 OK
r-release-macos-arm64 0.1-1 21.00 OK
r-release-macos-x86_64 0.1-1 25.00 OK
r-release-windows-x86_64 0.1-1 5.00 48.00 53.00 OK
r-oldrel-macos-arm64 0.1-1 19.00 OK
r-oldrel-macos-x86_64 0.1-1 26.00 OK
r-oldrel-windows-x86_64 0.1-1 8.00 52.00 60.00 OK

Check Details

Version: 0.1-1
Check: Rd contents
Result: NOTE
    Auto-generated content requiring editing in Rd object 'roloc-package':
     \references: ‘~~ Literature or other references for background information ~~’
     \seealso: ‘~~ Optional links to other man pages, e.g. ~~’
Flavors: r-devel-linux-x86_64-debian-clang, r-devel-linux-x86_64-debian-gcc, r-devel-linux-x86_64-fedora-clang, r-devel-linux-x86_64-fedora-gcc, r-devel-windows-x86_64