CRAN Package Check Results for Package roots

Last updated on 2021-12-06 21:51:26 CET.

Flavor Version Tinstall Tcheck Ttotal Status Flags
r-devel-linux-x86_64-debian-clang 1.0 8.53 74.21 82.74 NOTE
r-devel-linux-x86_64-debian-gcc 1.0 7.29 59.26 66.55 NOTE
r-devel-linux-x86_64-fedora-clang 1.0 102.87 NOTE
r-devel-linux-x86_64-fedora-gcc 1.0 91.69 NOTE
r-devel-windows-x86_64-new-UL 1.0 15.00 106.00 121.00 NOTE
r-devel-windows-x86_64-new-TK 1.0 NOTE
r-devel-windows-x86_64-old 1.0 12.00 68.00 80.00 NOTE
r-patched-linux-x86_64 1.0 7.18 64.39 71.57 NOTE
r-release-linux-x86_64 1.0 8.27 72.59 80.86 NOTE
r-release-macos-arm64 1.0 NOTE
r-release-macos-x86_64 1.0 NOTE
r-release-windows-ix86+x86_64 1.0 18.00 96.00 114.00 NOTE
r-oldrel-macos-x86_64 1.0 OK
r-oldrel-windows-ix86+x86_64 1.0 18.00 89.00 107.00 OK

Check Details

Version: 1.0
Check: LazyData
Result: NOTE
     'LazyData' is specified without a 'data' directory
Flavors: r-devel-linux-x86_64-debian-clang, r-devel-linux-x86_64-debian-gcc, r-devel-linux-x86_64-fedora-clang, r-devel-linux-x86_64-fedora-gcc, r-devel-windows-x86_64-new-UL, r-devel-windows-x86_64-new-TK, r-devel-windows-x86_64-old, r-patched-linux-x86_64, r-release-linux-x86_64, r-release-macos-arm64, r-release-macos-x86_64, r-release-windows-ix86+x86_64