CRAN Package Check Results for Package ropendata

Last updated on 2024-07-18 22:50:04 CEST.

Flavor Version Tinstall Tcheck Ttotal Status Flags
r-devel-linux-x86_64-debian-clang 0.1.0 1.61 25.84 27.45 NOTE
r-devel-linux-x86_64-debian-gcc 0.1.0 1.73 19.89 21.62 NOTE
r-devel-linux-x86_64-fedora-clang 0.1.0 35.80 NOTE
r-devel-linux-x86_64-fedora-gcc 0.1.0 33.59 NOTE
r-devel-windows-x86_64 0.1.0 4.00 42.00 46.00 NOTE
r-patched-linux-x86_64 0.1.0 1.76 25.07 26.83 NOTE
r-release-linux-x86_64 0.1.0 1.95 25.09 27.04 NOTE
r-release-macos-arm64 0.1.0 16.00 NOTE
r-release-macos-x86_64 0.1.0 24.00 NOTE
r-release-windows-x86_64 0.1.0 3.00 44.00 47.00 NOTE
r-oldrel-macos-arm64 0.1.0 15.00 NOTE
r-oldrel-macos-x86_64 0.1.0 21.00 NOTE
r-oldrel-windows-x86_64 0.1.0 4.00 44.00 48.00 NOTE

Check Details

Version: 0.1.0
Check: package subdirectories
Result: NOTE Problems with news in ‘NEWS.md’: No news entries found. Flavors: r-devel-linux-x86_64-debian-clang, r-devel-linux-x86_64-debian-gcc, r-devel-linux-x86_64-fedora-clang, r-devel-linux-x86_64-fedora-gcc, r-devel-windows-x86_64, r-patched-linux-x86_64, r-release-linux-x86_64, r-release-macos-arm64, r-release-macos-x86_64, r-release-windows-x86_64, r-oldrel-macos-arm64, r-oldrel-macos-x86_64, r-oldrel-windows-x86_64