Last updated on 2023-09-22 23:05:10 CEST.
Flavor | Version | Tinstall | Tcheck | Ttotal | Status | Flags |
---|---|---|---|---|---|---|
r-devel-linux-x86_64-debian-clang | 0.1.0 | 2.29 | 25.23 | 27.52 | NOTE | |
r-devel-linux-x86_64-debian-gcc | 0.1.0 | 1.57 | 20.81 | 22.38 | NOTE | |
r-devel-linux-x86_64-fedora-clang | 0.1.0 | 33.85 | NOTE | |||
r-devel-linux-x86_64-fedora-gcc | 0.1.0 | 33.14 | NOTE | |||
r-devel-windows-x86_64 | 0.1.0 | 4.00 | 43.00 | 47.00 | NOTE | |
r-patched-linux-x86_64 | 0.1.0 | 2.16 | 24.63 | 26.79 | NOTE | |
r-release-linux-x86_64 | 0.1.0 | 2.28 | 24.46 | 26.74 | NOTE | |
r-release-macos-arm64 | 0.1.0 | 15.00 | NOTE | |||
r-release-macos-x86_64 | 0.1.0 | 21.00 | NOTE | |||
r-release-windows-x86_64 | 0.1.0 | 4.00 | 43.00 | 47.00 | NOTE | |
r-oldrel-macos-arm64 | 0.1.0 | 14.00 | OK | |||
r-oldrel-macos-x86_64 | 0.1.0 | 21.00 | OK | |||
r-oldrel-windows-x86_64 | 0.1.0 | 5.00 | 44.00 | 49.00 | OK |
Version: 0.1.0
Check: package subdirectories
Result: NOTE
Problems with news in ‘NEWS.md’:
No news entries found.
Flavors: r-devel-linux-x86_64-debian-clang, r-devel-linux-x86_64-debian-gcc, r-devel-linux-x86_64-fedora-clang, r-devel-linux-x86_64-fedora-gcc, r-devel-windows-x86_64, r-patched-linux-x86_64, r-release-linux-x86_64, r-release-macos-arm64, r-release-macos-x86_64, r-release-windows-x86_64