CRAN Package Check Results for Package ropercenter

Last updated on 2021-10-22 22:56:45 CEST.

Flavor Version Tinstall Tcheck Ttotal Status Flags
r-devel-linux-x86_64-debian-clang 0.3.1 7.09 66.26 73.35 NOTE
r-devel-linux-x86_64-debian-gcc 0.3.1 5.89 48.92 54.81 NOTE
r-devel-linux-x86_64-fedora-clang 0.3.1 98.14 NOTE
r-devel-linux-x86_64-fedora-gcc 0.3.1 84.75 NOTE
r-devel-windows-x86_64 0.3.1 12.00 68.00 80.00 NOTE
r-devel-windows-x86_64-gcc10-UCRT 0.3.1 NOTE
r-patched-linux-x86_64 0.3.1 6.53 60.57 67.10 NOTE
r-patched-solaris-x86 0.3.1 128.50 NOTE
r-release-linux-x86_64 0.3.1 6.13 60.18 66.31 NOTE
r-release-macos-arm64 0.3.1 NOTE
r-release-macos-x86_64 0.3.1 NOTE
r-release-windows-ix86+x86_64 0.3.1 13.00 87.00 100.00 NOTE
r-oldrel-macos-x86_64 0.3.1 OK
r-oldrel-windows-ix86+x86_64 0.3.1 19.00 93.00 112.00 OK

Check Details

Version: 0.3.1
Check: LazyData
Result: NOTE
     'LazyData' is specified without a 'data' directory
Flavors: r-devel-linux-x86_64-debian-clang, r-devel-linux-x86_64-debian-gcc, r-devel-linux-x86_64-fedora-clang, r-devel-linux-x86_64-fedora-gcc, r-devel-windows-x86_64, r-devel-windows-x86_64-gcc10-UCRT, r-patched-linux-x86_64, r-patched-solaris-x86, r-release-linux-x86_64, r-release-macos-arm64, r-release-macos-x86_64, r-release-windows-ix86+x86_64

Version: 0.3.1
Check: Rd cross-references
Result: NOTE
    Undeclared package ‘readroper’ in Rd xrefs
Flavor: r-devel-linux-x86_64-fedora-clang