CRAN Package Check Results for Package roptim

Last updated on 2023-12-07 21:56:00 CET.

Flavor Version Tinstall Tcheck Ttotal Status Flags
r-devel-linux-x86_64-debian-clang 0.1.6 44.93 31.88 76.81 NOTE
r-devel-linux-x86_64-debian-gcc 0.1.6 27.47 24.69 52.16 NOTE
r-devel-linux-x86_64-fedora-clang 0.1.6 100.97 NOTE
r-devel-linux-x86_64-fedora-gcc 0.1.6 106.99 NOTE
r-devel-windows-x86_64 0.1.6 30.00 68.00 98.00 NOTE
r-patched-linux-x86_64 0.1.6 30.79 31.63 62.42 NOTE
r-release-linux-x86_64 0.1.6 30.56 31.32 61.88 NOTE
r-release-macos-arm64 0.1.6 35.00 NOTE
r-release-macos-x86_64 0.1.6 57.00 NOTE
r-release-windows-x86_64 0.1.6 36.00 74.00 110.00 NOTE
r-oldrel-macos-arm64 0.1.6 29.00 OK
r-oldrel-macos-x86_64 0.1.6 42.00 OK
r-oldrel-windows-x86_64 0.1.6 38.00 73.00 111.00 OK

Check Details

Version: 0.1.6
Check: C++ specification
Result: NOTE Specified C++11: please drop specification unless essential Flavors: r-devel-linux-x86_64-debian-clang, r-devel-linux-x86_64-debian-gcc, r-devel-linux-x86_64-fedora-clang, r-devel-linux-x86_64-fedora-gcc, r-devel-windows-x86_64, r-patched-linux-x86_64, r-release-linux-x86_64, r-release-macos-arm64, r-release-macos-x86_64, r-release-windows-x86_64