CRAN Package Check Results for Package rotl

Last updated on 2021-10-20 23:50:23 CEST.

Flavor Version Tinstall Tcheck Ttotal Status Flags
r-devel-linux-x86_64-debian-clang 3.0.11 6.96 70.44 77.40 NOTE
r-devel-linux-x86_64-debian-gcc 3.0.11 4.62 54.24 58.86 NOTE
r-devel-linux-x86_64-fedora-clang 3.0.11 102.61 NOTE
r-devel-linux-x86_64-fedora-gcc 3.0.11 92.53 NOTE
r-devel-windows-x86_64 3.0.11 11.00 126.00 137.00 NOTE
r-devel-windows-x86_64-gcc10-UCRT 3.0.11 NOTE
r-patched-linux-x86_64 3.0.11 6.90 71.14 78.04 NOTE
r-patched-solaris-x86 3.0.11 116.00 NOTE
r-release-linux-x86_64 3.0.11 6.23 70.79 77.02 NOTE
r-release-macos-arm64 3.0.11 NOTE
r-release-macos-x86_64 3.0.11 NOTE
r-release-windows-ix86+x86_64 3.0.11 13.00 138.00 151.00 NOTE
r-oldrel-macos-x86_64 3.0.11 OK
r-oldrel-windows-ix86+x86_64 3.0.11 18.00 141.00 159.00 OK

Check Details

Version: 3.0.11
Check: LazyData
Result: NOTE
     'LazyData' is specified without a 'data' directory
Flavors: r-devel-linux-x86_64-debian-clang, r-devel-linux-x86_64-debian-gcc, r-devel-linux-x86_64-fedora-clang, r-devel-linux-x86_64-fedora-gcc, r-devel-windows-x86_64, r-devel-windows-x86_64-gcc10-UCRT, r-patched-linux-x86_64, r-patched-solaris-x86, r-release-linux-x86_64, r-release-macos-arm64, r-release-macos-x86_64, r-release-windows-ix86+x86_64