Last updated on 2024-03-28 23:01:56 CET.
Flavor | Version | Tinstall | Tcheck | Ttotal | Status | Flags |
---|---|---|---|---|---|---|
r-devel-linux-x86_64-debian-clang | 0.3.7 | 7.13 | 56.55 | 63.68 | NOTE | |
r-devel-linux-x86_64-debian-gcc | 0.3.7 | 6.55 | 42.62 | 49.17 | NOTE | |
r-devel-linux-x86_64-fedora-clang | 0.3.7 | 72.43 | OK | |||
r-devel-linux-x86_64-fedora-gcc | 0.3.7 | 83.87 | NOTE | |||
r-devel-windows-x86_64 | 0.3.7 | 7.00 | 65.00 | 72.00 | OK | |
r-patched-linux-x86_64 | 0.3.7 | 8.16 | 54.31 | 62.47 | NOTE | |
r-release-linux-x86_64 | 0.3.7 | 7.04 | 51.11 | 58.15 | OK | |
r-release-macos-arm64 | 0.3.7 | 25.00 | OK | |||
r-release-macos-x86_64 | 0.3.7 | 35.00 | OK | |||
r-release-windows-x86_64 | 0.3.7 | 9.00 | 71.00 | 80.00 | OK | |
r-oldrel-macos-arm64 | 0.3.7 | 23.00 | OK | |||
r-oldrel-windows-x86_64 | 0.3.7 | 9.00 | 72.00 | 81.00 | OK |
Version: 0.3.7
Check: package dependencies
Result: NOTE
Package suggested but not available for checking: ‘ulid’
Flavors: r-devel-linux-x86_64-debian-clang, r-devel-linux-x86_64-debian-gcc, r-devel-linux-x86_64-fedora-gcc, r-patched-linux-x86_64
Version: 0.3.7
Check: Rd cross-references
Result: NOTE
Unknown package ‘ulid’ in Rd xrefs
Flavors: r-devel-linux-x86_64-debian-clang, r-devel-linux-x86_64-debian-gcc, r-devel-linux-x86_64-fedora-gcc, r-patched-linux-x86_64