CRAN Package Check Results for Package rpivotTable

Last updated on 2021-11-26 23:03:38 CET.

Flavor Version Tinstall Tcheck Ttotal Status Flags
r-devel-linux-x86_64-debian-clang 0.3.0 2.62 30.47 33.09 OK
r-devel-linux-x86_64-debian-gcc 0.3.0 2.01 24.31 26.32 OK
r-devel-linux-x86_64-fedora-clang 0.3.0 50.11 OK
r-devel-linux-x86_64-fedora-gcc 0.3.0 39.47 OK
r-devel-windows-x86_64-new-UL 0.3.0 11.00 77.00 88.00 OK
r-devel-windows-x86_64-new-TK 0.3.0 OK
r-devel-windows-x86_64-old 0.3.0 4.00 53.00 57.00 OK
r-patched-linux-x86_64 0.3.0 2.63 29.62 32.25 OK
r-patched-solaris-x86 0.3.0 60.10 OK
r-release-linux-x86_64 0.3.0 OK
r-release-macos-arm64 0.3.0 OK
r-release-macos-x86_64 0.3.0 WARN
r-release-windows-ix86+x86_64 0.3.0 7.00 42.00 49.00 OK
r-oldrel-macos-x86_64 0.3.0 WARN
r-oldrel-windows-ix86+x86_64 0.3.0 6.00 52.00 58.00 OK

Check Details

Version: 0.3.0
Check: re-building of vignette outputs
Result: WARN
    Error(s) in re-building vignettes:
     ...
    --- re-building ‘NEWS.Rmd’ using rmarkdown
    Warning in engine$weave(file, quiet = quiet, encoding = enc) :
     Pandoc (>= 1.12.3) not available. Falling back to R Markdown v1.
    --- finished re-building ‘NEWS.Rmd’
    
    --- re-building ‘rpivotTableIntroduction.Rmd’ using rmarkdown
    Warning in engine$weave(file, quiet = quiet, encoding = enc) :
     Pandoc (>= 1.12.3) not available. Falling back to R Markdown v1.
    Quitting from lines 51-53 (rpivotTableIntroduction.Rmd)
    Error: processing vignette 'rpivotTableIntroduction.Rmd' failed with diagnostics:
    invalid 'path' argument
    --- failed re-building ‘rpivotTableIntroduction.Rmd’
    
    SUMMARY: processing the following file failed:
     ‘rpivotTableIntroduction.Rmd’
    
    Error: Vignette re-building failed.
    Execution halted
Flavor: r-release-macos-x86_64

Version: 0.3.0
Check: re-building of vignette outputs
Result: WARN
    Error(s) in re-building vignettes:
     ...
    --- re-building ‘NEWS.Rmd’ using rmarkdown
    Warning in engine$weave(file, quiet = quiet, encoding = enc) :
     Pandoc (>= 1.12.3) and/or pandoc-citeproc not available. Falling back to R Markdown v1.
    --- finished re-building ‘NEWS.Rmd’
    
    --- re-building ‘rpivotTableIntroduction.Rmd’ using rmarkdown
    Warning in engine$weave(file, quiet = quiet, encoding = enc) :
     Pandoc (>= 1.12.3) and/or pandoc-citeproc not available. Falling back to R Markdown v1.
    Quitting from lines 51-53 (rpivotTableIntroduction.Rmd)
    Error: processing vignette 'rpivotTableIntroduction.Rmd' failed with diagnostics:
    cannot open the connection
    --- failed re-building ‘rpivotTableIntroduction.Rmd’
    
    SUMMARY: processing the following file failed:
     ‘rpivotTableIntroduction.Rmd’
    
    Error: Vignette re-building failed.
    Execution halted
Flavor: r-oldrel-macos-x86_64