CRAN Package Check Results for Package rpm

Last updated on 2024-02-24 21:40:32 CET.

Flavor Version Tinstall Tcheck Ttotal Status Flags
r-devel-linux-x86_64-debian-clang 0.7-1 316.43 171.21 487.64 NOTE
r-devel-linux-x86_64-debian-gcc 0.7-1 229.86 128.20 358.06 NOTE
r-devel-linux-x86_64-fedora-clang 0.7-1 716.29 OK
r-devel-linux-x86_64-fedora-gcc 0.7-1 673.30 OK
r-devel-windows-x86_64 0.7-1 229.00 175.00 404.00 OK
r-patched-linux-x86_64 0.7-1 227.54 165.03 392.57 OK
r-release-linux-x86_64 0.7-1 225.08 165.03 390.11 OK
r-release-macos-arm64 0.7-1 139.00 NOTE
r-release-macos-x86_64 0.7-1 204.00 NOTE
r-release-windows-x86_64 0.7-1 300.00 204.00 504.00 OK
r-oldrel-macos-arm64 0.7-1 126.00 NOTE
r-oldrel-windows-x86_64 0.7-1 293.00 200.00 493.00 OK

Check Details

Version: 0.7-1
Check: Rd files
Result: NOTE checkRd: (-1) fauxmatching.Rd:16: Lost braces in \itemize; meant \describe ? checkRd: (-1) fauxmatching.Rd:17-18: Lost braces in \itemize; meant \describe ? checkRd: (-1) fauxmatching.Rd:48-49: Lost braces in \itemize; meant \describe ? checkRd: (-1) fauxmatching.Rd:50-51: Lost braces in \itemize; meant \describe ? checkRd: (-1) fauxmatching.Rd:52: Lost braces in \itemize; meant \describe ? checkRd: (-1) rpm.Rd:112-113: Lost braces in \itemize; meant \describe ? checkRd: (-1) rpm.Rd:114-115: Lost braces in \itemize; meant \describe ? checkRd: (-1) rpm.Rd:116: Lost braces in \itemize; meant \describe ? checkRd: (-1) rpm_MLPLE.Rd:110-111: Lost braces in \itemize; meant \describe ? checkRd: (-1) rpm_MLPLE.Rd:112-113: Lost braces in \itemize; meant \describe ? checkRd: (-1) rpm_MLPLE.Rd:114: Lost braces in \itemize; meant \describe ? checkRd: (-1) summary_rpm.Rd:95-96: Lost braces in \itemize; meant \describe ? checkRd: (-1) summary_rpm.Rd:97-98: Lost braces in \itemize; meant \describe ? checkRd: (-1) summary_rpm.Rd:99: Lost braces in \itemize; meant \describe ? Flavors: r-devel-linux-x86_64-debian-clang, r-devel-linux-x86_64-debian-gcc

Version: 0.7-1
Check: installed package size
Result: NOTE installed size is 5.3Mb sub-directories of 1Mb or more: libs 4.8Mb Flavors: r-release-macos-arm64, r-release-macos-x86_64, r-oldrel-macos-arm64