CRAN Package Check Results for Package rpredictit

Last updated on 2024-06-12 22:56:43 CEST.

Flavor Version Tinstall Tcheck Ttotal Status Flags
r-devel-linux-x86_64-debian-clang 0.1.0 4.81 48.94 53.75 OK
r-devel-linux-x86_64-debian-gcc 0.1.0 0.43 1.72 2.15 ERROR
r-devel-linux-x86_64-fedora-clang 0.1.0 66.54 NOTE
r-devel-linux-x86_64-fedora-gcc 0.1.0 75.11 OK
r-devel-windows-x86_64 0.1.0 6.00 60.00 66.00 OK
r-patched-linux-x86_64 0.1.0 9.88 45.76 55.64 OK
r-release-linux-x86_64 0.1.0 4.09 45.60 49.69 OK
r-release-macos-arm64 0.1.0 42.00 OK
r-release-macos-x86_64 0.1.0 49.00 OK
r-release-windows-x86_64 0.1.0 6.00 62.00 68.00 OK
r-oldrel-macos-arm64 0.1.0 33.00 OK
r-oldrel-macos-x86_64 0.1.0 45.00 OK
r-oldrel-windows-x86_64 0.1.0 6.00 64.00 70.00 OK

Check Details

Version: 0.1.0
Check: package dependencies
Result: ERROR Package required but not available: ‘dplyr’ Package suggested but not available for checking: ‘testthat’ See section ‘The DESCRIPTION file’ in the ‘Writing R Extensions’ manual. Flavor: r-devel-linux-x86_64-debian-gcc

Version: 0.1.0
Check: Rd cross-references
Result: NOTE Undeclared package ‘htmlwidgets’ in Rd xrefs Flavor: r-devel-linux-x86_64-fedora-clang