Last updated on 2023-10-02 22:08:10 CEST.
Flavor | Version | Tinstall | Tcheck | Ttotal | Status | Flags |
---|---|---|---|---|---|---|
r-devel-linux-x86_64-debian-clang | 0.1.0 | 4.32 | 47.02 | 51.34 | OK | |
r-devel-linux-x86_64-debian-gcc | 0.1.0 | 3.67 | 37.13 | 40.80 | OK | |
r-devel-linux-x86_64-fedora-clang | 0.1.0 | 64.71 | NOTE | |||
r-devel-linux-x86_64-fedora-gcc | 0.1.0 | 72.66 | OK | |||
r-devel-windows-x86_64 | 0.1.0 | 6.00 | 61.00 | 67.00 | OK | |
r-patched-linux-x86_64 | 0.1.0 | 12.15 | 45.84 | 57.99 | OK | |
r-release-linux-x86_64 | 0.1.0 | 2.74 | 45.54 | 48.28 | OK | |
r-release-macos-arm64 | 0.1.0 | 33.00 | OK | |||
r-release-macos-x86_64 | 0.1.0 | 45.00 | OK | |||
r-release-windows-x86_64 | 0.1.0 | 7.00 | 67.00 | 74.00 | OK | |
r-oldrel-macos-arm64 | 0.1.0 | 37.00 | OK | |||
r-oldrel-macos-x86_64 | 0.1.0 | 49.00 | OK | |||
r-oldrel-windows-x86_64 | 0.1.0 | 8.00 | 68.00 | 76.00 | OK |
Version: 0.1.0
Check: Rd cross-references
Result: NOTE
Undeclared package ‘htmlwidgets’ in Rd xrefs
Flavor: r-devel-linux-x86_64-fedora-clang