CRAN Package Check Results for Package rpubchem

Last updated on 2020-01-17 22:51:04 CET.

Flavor Version Tinstall Tcheck Ttotal Status Flags
r-devel-linux-x86_64-debian-clang 1.5.10 6.90 63.01 69.91 OK
r-devel-linux-x86_64-debian-gcc 1.5.10 5.82 47.57 53.39 ERROR
r-devel-linux-x86_64-fedora-clang 1.5.10 88.89 OK
r-devel-linux-x86_64-fedora-gcc 1.5.10 85.13 OK
r-devel-windows-ix86+x86_64 1.5.10 29.00 119.00 148.00 OK
r-devel-windows-ix86+x86_64-gcc8 1.5.10 18.00 113.00 131.00 OK
r-patched-linux-x86_64 1.5.10 5.93 53.48 59.41 OK
r-patched-solaris-x86 1.5.10 107.20 OK
r-release-linux-x86_64 1.5.10 6.08 52.91 58.99 OK
r-release-windows-ix86+x86_64 1.5.10 25.00 76.00 101.00 OK
r-release-osx-x86_64 1.5.10 OK
r-oldrel-windows-ix86+x86_64 1.5.10 15.00 71.00 86.00 OK
r-oldrel-osx-x86_64 1.5.10 OK

Check Details

Version: 1.5.10
Check: tests
Result: ERROR
     Running ‘testthat.R’ [3s/6s]
    Running the tests in ‘tests/testthat.R’ failed.
    Complete output:
     > library(testthat)
     > library(rpubchem)
     >
     > test_check("rpubchem")
     ── 1. Failure: Assay description retrieves related AIDs (@test-getassay.R#4) ──
     length(d$aids) > 0 isn't true.
     TRUE
    
     ══ testthat results ═══════════════════════════════════════════════════════════
     [ OK: 1 | SKIPPED: 0 | WARNINGS: 697 | FAILED: 1 ]
     1. Failure: Assay description retrieves related AIDs (@test-getassay.R#4)
    
     Error: testthat unit tests failed
     Execution halted
Flavor: r-devel-linux-x86_64-debian-gcc