CRAN Package Check Results for Package rrcovNA

Last updated on 2019-09-17 22:48:17 CEST.

Flavor Version Tinstall Tcheck Ttotal Status Flags
r-devel-linux-x86_64-debian-clang 0.4-9 8.98 48.13 57.11 OK
r-devel-linux-x86_64-debian-gcc 0.4-9 8.07 38.27 46.34 OK
r-devel-linux-x86_64-fedora-clang 0.4-9 70.97 NOTE
r-devel-linux-x86_64-fedora-gcc 0.4-9 69.23 NOTE
r-devel-windows-ix86+x86_64 0.4-9 30.00 85.00 115.00 OK
r-patched-linux-x86_64 0.4-9 9.64 47.94 57.58 OK
r-patched-solaris-x86 0.4-9 97.70 OK
r-release-linux-x86_64 0.4-9 9.60 47.88 57.48 OK
r-release-windows-ix86+x86_64 0.4-9 21.00 119.00 140.00 OK
r-release-osx-x86_64 0.4-9 OK
r-oldrel-windows-ix86+x86_64 0.4-9 22.00 76.00 98.00 OK
r-oldrel-osx-x86_64 0.4-9 OK

Check Details

Version: 0.4-9
Check: compiled code
Result: NOTE
    File ‘rrcovNA/libs/rrcovNA.so’:
     Found no calls to: ‘R_registerRoutines’, ‘R_useDynamicSymbols’
    
    It is good practice to register native routines and to disable symbol
    search.
    
    See ‘Writing portable packages’ in the ‘Writing R Extensions’ manual.
Flavors: r-devel-linux-x86_64-fedora-clang, r-devel-linux-x86_64-fedora-gcc