CRAN Package Check Results for Package rrpack

Last updated on 2021-07-25 23:00:28 CEST.

Flavor Version Tinstall Tcheck Ttotal Status Flags
r-devel-linux-x86_64-debian-clang 0.1-11 110.74 115.44 226.18 NOTE
r-devel-linux-x86_64-debian-gcc 0.1-11 74.92 84.16 159.08 NOTE
r-devel-linux-x86_64-fedora-clang 0.1-11 295.70 NOTE
r-devel-windows-x86_64 0.1-11 132.00 147.00 279.00 NOTE
r-devel-windows-x86_64-gcc10-UCRT 0.1-11 NOTE
r-patched-linux-x86_64 0.1-11 83.86 106.83 190.69 NOTE
r-patched-solaris-x86 0.1-11 294.00 NOTE
r-release-linux-x86_64 0.1-11 87.24 107.43 194.67 NOTE
r-release-macos-arm64 0.1-11 NOTE
r-release-macos-x86_64 0.1-11 NOTE
r-release-windows-ix86+x86_64 0.1-11 243.00 140.00 383.00 NOTE
r-oldrel-macos-x86_64 0.1-11 OK
r-oldrel-windows-ix86+x86_64 0.1-11 174.00 186.00 360.00 OK

Check Details

Version: 0.1-11
Check: LazyData
Result: NOTE
     'LazyData' is specified without a 'data' directory
Flavors: r-devel-linux-x86_64-debian-clang, r-devel-linux-x86_64-debian-gcc, r-devel-linux-x86_64-fedora-clang, r-devel-windows-x86_64, r-devel-windows-x86_64-gcc10-UCRT, r-patched-linux-x86_64, r-patched-solaris-x86, r-release-linux-x86_64, r-release-macos-arm64, r-release-macos-x86_64, r-release-windows-ix86+x86_64