CRAN Package Check Results for Package rrr

Last updated on 2024-02-27 23:08:24 CET.

Flavor Version Tinstall Tcheck Ttotal Status Flags
r-devel-linux-x86_64-debian-clang 1.0.0 9.70 107.52 117.22 OK
r-devel-linux-x86_64-debian-gcc 1.0.0 6.75 78.46 85.21 OK
r-devel-linux-x86_64-fedora-clang 1.0.0 137.34 NOTE
r-devel-linux-x86_64-fedora-gcc 1.0.0 147.50 NOTE
r-devel-windows-x86_64 1.0.0 9.00 98.00 107.00 OK
r-patched-linux-x86_64 1.0.0 8.66 100.85 109.51 OK
r-release-linux-x86_64 1.0.0 8.23 100.77 109.00 OK
r-release-macos-arm64 1.0.0 49.00 OK
r-release-macos-x86_64 1.0.0 81.00 OK
r-release-windows-x86_64 1.0.0 12.00 114.00 126.00 OK
r-oldrel-macos-arm64 1.0.0 44.00 NOTE
r-oldrel-windows-x86_64 1.0.0 13.00 120.00 133.00 OK

Check Details

Version: 1.0.0
Check: dependencies in R code
Result: NOTE Namespace in Imports field not imported from: ‘Rcpp’ All declared Imports should be used. Flavors: r-devel-linux-x86_64-fedora-clang, r-devel-linux-x86_64-fedora-gcc, r-oldrel-macos-arm64