CRAN Package Check Results for Package rsconnect

Last updated on 2021-12-01 22:53:23 CET.

Flavor Version Tinstall Tcheck Ttotal Status Flags
r-devel-linux-x86_64-debian-clang 0.8.25 7.74 51.37 59.11 OK
r-devel-linux-x86_64-debian-gcc 0.8.25 6.84 38.80 45.64 OK
r-devel-linux-x86_64-fedora-clang 0.8.25 81.48 NOTE
r-devel-linux-x86_64-fedora-gcc 0.8.25 69.66 OK
r-devel-windows-x86_64-new-UL 0.8.25 21.00 93.00 114.00 OK
r-devel-windows-x86_64-new-TK 0.8.25 OK
r-devel-windows-x86_64-old 0.8.25 12.00 59.00 71.00 OK
r-patched-linux-x86_64 0.8.25 9.47 49.06 58.53 OK
r-patched-solaris-x86 0.8.25 90.90 OK
r-release-linux-x86_64 0.8.25 7.50 49.10 56.60 OK
r-release-macos-arm64 0.8.25 OK
r-release-macos-x86_64 0.8.25 OK
r-release-windows-ix86+x86_64 0.8.25 13.00 70.00 83.00 OK
r-oldrel-macos-x86_64 0.8.25 OK
r-oldrel-windows-ix86+x86_64 0.8.25 13.00 67.00 80.00 OK

Check Details

Version: 0.8.25
Check: Rd cross-references
Result: NOTE
    Undeclared packages ‘keras’, ‘tensorflow’, ‘devtools’ in Rd xrefs
Flavor: r-devel-linux-x86_64-fedora-clang