CRAN Package Check Results for Package rscorecard

Last updated on 2019-09-17 22:48:18 CEST.

Flavor Version Tinstall Tcheck Ttotal Status Flags
r-devel-linux-x86_64-debian-clang 0.12.0 2.55 25.26 27.81 OK
r-devel-linux-x86_64-debian-gcc 0.12.0 2.19 20.12 22.31 OK
r-devel-linux-x86_64-fedora-clang 0.12.0 34.54 NOTE
r-devel-linux-x86_64-fedora-gcc 0.12.0 33.78 NOTE
r-devel-windows-ix86+x86_64 0.12.0 14.00 38.00 52.00 OK
r-patched-linux-x86_64 0.12.0 2.27 25.40 27.67 OK
r-patched-solaris-x86 0.12.0 52.50 NOTE
r-release-linux-x86_64 0.12.0 2.44 25.16 27.60 OK
r-release-windows-ix86+x86_64 0.12.0 5.00 40.00 45.00 OK
r-release-osx-x86_64 0.12.0 NOTE
r-oldrel-windows-ix86+x86_64 0.12.0 7.00 35.00 42.00 OK
r-oldrel-osx-x86_64 0.12.0 NOTE

Check Details

Version: 0.12.0
Check: dependencies in R code
Result: NOTE
    Namespace in Imports field not imported from: ‘tidyselect’
     All declared Imports should be used.
Flavors: r-devel-linux-x86_64-fedora-clang, r-devel-linux-x86_64-fedora-gcc, r-patched-solaris-x86, r-release-osx-x86_64, r-oldrel-osx-x86_64