CRAN Package Check Results for Package rscorecard

Last updated on 2020-02-24 22:50:37 CET.

Flavor Version Tinstall Tcheck Ttotal Status Flags
r-devel-linux-x86_64-debian-clang 0.14.0 2.86 29.08 31.94 OK
r-devel-linux-x86_64-debian-gcc 0.14.0 2.56 22.78 25.34 OK
r-devel-linux-x86_64-fedora-clang 0.14.0 39.23 NOTE
r-devel-linux-x86_64-fedora-gcc 0.14.0 37.95 NOTE
r-devel-windows-ix86+x86_64 0.14.0 7.00 43.00 50.00 OK
r-devel-windows-ix86+x86_64-gcc8 0.14.0 10.00 42.00 52.00 OK
r-patched-linux-x86_64 0.14.0 2.71 27.00 29.71 OK
r-patched-solaris-x86 0.14.0 55.80 NOTE
r-release-linux-x86_64 0.14.0 2.63 26.72 29.35 OK
r-release-windows-ix86+x86_64 0.14.0 6.00 37.00 43.00 OK
r-release-osx-x86_64 0.14.0 NOTE
r-oldrel-windows-ix86+x86_64 0.14.0 4.00 40.00 44.00 OK
r-oldrel-osx-x86_64 0.14.0 NOTE

Check Details

Version: 0.14.0
Check: dependencies in R code
Result: NOTE
    Namespace in Imports field not imported from: ‘tidyselect’
     All declared Imports should be used.
Flavors: r-devel-linux-x86_64-fedora-clang, r-devel-linux-x86_64-fedora-gcc, r-patched-solaris-x86, r-release-osx-x86_64, r-oldrel-osx-x86_64