CRAN Package Check Results for Package rsf

Last updated on 2021-07-31 22:53:47 CEST.

Flavor Version Tinstall Tcheck Ttotal Status Flags
r-devel-linux-x86_64-debian-clang 0.2.2 2.07 21.64 23.71 NOTE
r-devel-linux-x86_64-debian-gcc 0.2.2 1.68 16.77 18.45 NOTE
r-devel-linux-x86_64-fedora-clang 0.2.2 37.52 NOTE
r-devel-linux-x86_64-fedora-gcc 0.2.2 26.83 NOTE
r-devel-windows-x86_64 0.2.2 5.00 42.00 47.00 NOTE
r-devel-windows-x86_64-gcc10-UCRT 0.2.2 NOTE
r-patched-linux-x86_64 0.2.2 NOTE
r-patched-solaris-x86 0.2.2 44.90 NOTE
r-release-linux-x86_64 0.2.2 2.19 20.93 23.12 NOTE
r-release-macos-arm64 0.2.2 NOTE
r-release-macos-x86_64 0.2.2 NOTE
r-release-windows-ix86+x86_64 0.2.2 6.00 47.00 53.00 NOTE
r-oldrel-macos-x86_64 0.2.2 OK
r-oldrel-windows-ix86+x86_64 0.2.2 5.00 39.00 44.00 OK

Check Details

Version: 0.2.2
Check: LazyData
Result: NOTE
     'LazyData' is specified without a 'data' directory
Flavors: r-devel-linux-x86_64-debian-clang, r-devel-linux-x86_64-debian-gcc, r-devel-linux-x86_64-fedora-clang, r-devel-linux-x86_64-fedora-gcc, r-devel-windows-x86_64, r-devel-windows-x86_64-gcc10-UCRT, r-patched-linux-x86_64, r-patched-solaris-x86, r-release-linux-x86_64, r-release-macos-arm64, r-release-macos-x86_64, r-release-windows-ix86+x86_64