CRAN Package Check Results for Package rsimsum

Last updated on 2021-10-20 23:50:23 CEST.

Flavor Version Tinstall Tcheck Ttotal Status Flags
r-devel-linux-x86_64-debian-clang 0.10.1 8.32 186.56 194.88 OK
r-devel-linux-x86_64-debian-gcc 0.10.1 7.05 135.59 142.64 OK
r-devel-linux-x86_64-fedora-clang 0.11.0 239.34 OK
r-devel-linux-x86_64-fedora-gcc 0.11.0 227.81 OK
r-devel-windows-x86_64 0.10.1 16.00 205.00 221.00 OK
r-devel-windows-x86_64-gcc10-UCRT 0.10.1 OK
r-patched-linux-x86_64 0.10.1 9.60 183.32 192.92 OK
r-patched-solaris-x86 0.11.0 185.40 NOTE
r-release-linux-x86_64 0.10.1 7.98 186.00 193.98 OK
r-release-macos-arm64 0.10.1 OK
r-release-macos-x86_64 0.10.1 OK
r-release-windows-ix86+x86_64 0.10.1 29.00 241.00 270.00 OK
r-oldrel-macos-x86_64 0.10.1 OK
r-oldrel-windows-ix86+x86_64 0.10.1 22.00 258.00 280.00 OK

Check Details

Version: 0.11.0
Check: installed package size
Result: NOTE
     installed size is 5.0Mb
     sub-directories of 1Mb or more:
     data 1.3Mb
     doc 2.1Mb
     help 1.3Mb
Flavor: r-patched-solaris-x86