CRAN Package Check Results for Package rsinaica

Last updated on 2021-10-28 01:49:02 CEST.

Flavor Version Tinstall Tcheck Ttotal Status Flags
r-devel-linux-x86_64-debian-clang 0.6.1 6.14 52.40 58.54 OK
r-devel-linux-x86_64-debian-gcc 0.6.1 4.29 39.57 43.86 OK
r-devel-linux-x86_64-fedora-clang 0.6.1 80.15 NOTE
r-devel-linux-x86_64-fedora-gcc 0.6.1 68.70 NOTE
r-devel-windows-x86_64 0.6.1 10.00 62.00 72.00 OK
r-devel-windows-x86_64-gcc10-UCRT 0.6.1 NOTE
r-patched-linux-x86_64 0.6.1 4.61 49.20 53.81 OK
r-patched-solaris-x86 0.6.1 106.50 NOTE
r-release-linux-x86_64 0.6.1 5.27 49.15 54.42 OK
r-release-macos-arm64 0.6.1 NOTE
r-release-macos-x86_64 0.6.1 NOTE
r-release-windows-ix86+x86_64 0.6.1 10.00 78.00 88.00 OK
r-oldrel-macos-x86_64 0.6.1 NOTE
r-oldrel-windows-ix86+x86_64 0.6.1 11.00 77.00 88.00 OK

Check Details

Version: 0.6.1
Check: data for non-ASCII characters
Result: NOTE
     Note: found 467 marked UTF-8 strings
Flavors: r-devel-linux-x86_64-fedora-clang, r-devel-linux-x86_64-fedora-gcc, r-devel-windows-x86_64-gcc10-UCRT, r-patched-solaris-x86, r-release-macos-arm64, r-release-macos-x86_64, r-oldrel-macos-x86_64