CRAN Package Check Results for Package rskey

Last updated on 2024-03-01 22:53:48 CET.

Flavor Version Tinstall Tcheck Ttotal Status Flags
r-devel-linux-x86_64-debian-clang 0.4.4 2.36 24.59 26.95 NOTE
r-devel-linux-x86_64-debian-gcc 0.4.4 1.92 19.33 21.25 NOTE
r-devel-linux-x86_64-fedora-clang 0.4.4 33.92 NOTE
r-devel-linux-x86_64-fedora-gcc 0.4.4 32.51 NOTE
r-devel-windows-x86_64 0.4.4 3.00 41.00 44.00 NOTE
r-patched-linux-x86_64 0.4.4 4.12 24.05 28.17 NOTE
r-release-linux-x86_64 0.4.4 2.60 24.50 27.10 NOTE
r-release-macos-arm64 0.4.4 16.00 NOTE
r-release-macos-x86_64 0.4.4 22.00 NOTE
r-release-windows-x86_64 0.4.4 3.00 43.00 46.00 NOTE
r-oldrel-macos-arm64 0.4.4 18.00 NOTE
r-oldrel-windows-x86_64 0.4.4 6.00 45.00 51.00 NOTE

Check Details

Version: 0.4.4
Check: LazyData
Result: NOTE 'LazyData' is specified without a 'data' directory Flavors: r-devel-linux-x86_64-debian-clang, r-devel-linux-x86_64-debian-gcc, r-devel-linux-x86_64-fedora-clang, r-devel-linux-x86_64-fedora-gcc, r-devel-windows-x86_64, r-patched-linux-x86_64, r-release-linux-x86_64, r-release-macos-arm64, r-release-macos-x86_64, r-release-windows-x86_64, r-oldrel-macos-arm64, r-oldrel-windows-x86_64