CRAN Package Check Results for Package rsm

Last updated on 2022-10-06 22:58:53 CEST.

Flavor Version Tinstall Tcheck Ttotal Status Flags
r-devel-linux-x86_64-debian-clang 2.10.3 6.07 107.45 113.52 NOTE
r-devel-linux-x86_64-debian-gcc 2.10.3 3.70 82.86 86.56 NOTE
r-devel-linux-x86_64-fedora-clang 2.10.3 157.73 NOTE
r-devel-linux-x86_64-fedora-gcc 2.10.3 145.19 NOTE
r-devel-windows-x86_64 2.10.3 13.00 180.00 193.00 OK
r-patched-linux-x86_64 2.10.3 5.22 103.07 108.29 NOTE
r-release-linux-x86_64 2.10.3 4.92 102.70 107.62 NOTE
r-release-macos-arm64 2.10.3 43.00 OK
r-release-macos-x86_64 2.10.3 68.00 OK
r-release-windows-x86_64 2.10.3 28.00 185.00 213.00 OK
r-oldrel-macos-arm64 2.10.3 53.00 OK
r-oldrel-macos-x86_64 2.10.3 69.00 OK
r-oldrel-windows-ix86+x86_64 2.10.3 19.00 134.00 153.00 OK

Check Details

Version: 2.10.3
Check: package dependencies
Result: NOTE
    Package suggested but not available for checking: 'Vdgraph'
Flavors: r-devel-linux-x86_64-debian-clang, r-devel-linux-x86_64-debian-gcc, r-devel-linux-x86_64-fedora-clang, r-devel-linux-x86_64-fedora-gcc, r-patched-linux-x86_64, r-release-linux-x86_64

Version: 2.10.3
Check: Rd cross-references
Result: NOTE
    Unknown package 'Vdgraph' in Rd xrefs
Flavors: r-devel-linux-x86_64-debian-clang, r-devel-linux-x86_64-debian-gcc, r-devel-linux-x86_64-fedora-clang, r-devel-linux-x86_64-fedora-gcc, r-patched-linux-x86_64, r-release-linux-x86_64