CRAN Package Check Results for Package rsoi

Last updated on 2021-12-02 22:56:06 CET.

Flavor Version Tinstall Tcheck Ttotal Status Flags
r-devel-linux-x86_64-debian-clang 0.5.4 3.41 26.69 30.10 NOTE
r-devel-linux-x86_64-debian-gcc 0.5.4 2.53 21.58 24.11 NOTE
r-devel-linux-x86_64-fedora-clang 0.5.4 46.18 NOTE
r-devel-linux-x86_64-fedora-gcc 0.5.4 35.44 NOTE
r-devel-windows-x86_64-new-UL 0.5.4 9.00 63.00 72.00 NOTE
r-devel-windows-x86_64-new-TK 0.5.4 NOTE
r-devel-windows-x86_64-old 0.5.4 5.00 34.00 39.00 NOTE
r-patched-linux-x86_64 0.5.4 3.01 25.05 28.06 NOTE
r-patched-solaris-x86 0.5.4 54.80 NOTE
r-release-linux-x86_64 0.5.4 3.12 25.22 28.34 NOTE
r-release-macos-arm64 0.5.4 NOTE
r-release-macos-x86_64 0.5.4 NOTE
r-release-windows-ix86+x86_64 0.5.4 7.00 46.00 53.00 NOTE
r-oldrel-macos-x86_64 0.5.4 OK
r-oldrel-windows-ix86+x86_64 0.5.4 16.00 44.00 60.00 OK

Check Details

Version: 0.5.4
Check: LazyData
Result: NOTE
     'LazyData' is specified without a 'data' directory
Flavors: r-devel-linux-x86_64-debian-clang, r-devel-linux-x86_64-debian-gcc, r-devel-linux-x86_64-fedora-clang, r-devel-linux-x86_64-fedora-gcc, r-devel-windows-x86_64-new-UL, r-devel-windows-x86_64-new-TK, r-devel-windows-x86_64-old, r-patched-linux-x86_64, r-patched-solaris-x86, r-release-linux-x86_64, r-release-macos-arm64, r-release-macos-x86_64, r-release-windows-ix86+x86_64