CRAN Package Check Results for Package rstack

Last updated on 2021-09-23 22:56:07 CEST.

Flavor Version Tinstall Tcheck Ttotal Status Flags
r-devel-linux-x86_64-debian-clang 1.0.0 2.62 22.45 25.07 NOTE
r-devel-linux-x86_64-debian-gcc 1.0.0 2.17 17.93 20.10 NOTE
r-devel-linux-x86_64-fedora-clang 1.0.0 39.09 NOTE
r-devel-linux-x86_64-fedora-gcc 1.0.0 28.63 NOTE
r-devel-windows-x86_64 1.0.0 3.00 29.00 32.00 NOTE
r-devel-windows-x86_64-gcc10-UCRT 1.0.0 NOTE
r-patched-linux-x86_64 1.0.0 2.69 22.29 24.98 NOTE
r-patched-solaris-x86 1.0.0 46.10 NOTE
r-release-linux-x86_64 1.0.0 2.45 21.77 24.22 NOTE
r-release-macos-arm64 1.0.0 NOTE
r-release-macos-x86_64 1.0.0 NOTE
r-release-windows-ix86+x86_64 1.0.0 5.00 32.00 37.00 NOTE
r-oldrel-macos-x86_64 1.0.0 OK
r-oldrel-windows-ix86+x86_64 1.0.0 15.00 28.00 43.00 OK

Check Details

Version: 1.0.0
Check: LazyData
Result: NOTE
     'LazyData' is specified without a 'data' directory
Flavors: r-devel-linux-x86_64-debian-clang, r-devel-linux-x86_64-debian-gcc, r-devel-linux-x86_64-fedora-clang, r-devel-linux-x86_64-fedora-gcc, r-devel-windows-x86_64, r-devel-windows-x86_64-gcc10-UCRT, r-patched-linux-x86_64, r-patched-solaris-x86, r-release-linux-x86_64, r-release-macos-arm64, r-release-macos-x86_64, r-release-windows-ix86+x86_64