CRAN Package Check Results for Package rstantools

Last updated on 2021-05-08 22:48:41 CEST.

Flavor Version Tinstall Tcheck Ttotal Status Flags
r-devel-linux-x86_64-debian-clang 2.1.1 2.98 39.64 42.62 NOTE
r-devel-linux-x86_64-debian-gcc 2.1.1 2.14 30.80 32.94 NOTE
r-devel-linux-x86_64-fedora-clang 2.1.1 61.13 NOTE
r-devel-linux-x86_64-fedora-gcc 2.1.1 52.03 NOTE
r-devel-windows-ix86+x86_64 2.1.1 5.00 69.00 74.00 NOTE
r-devel-windows-x86_64-gcc10-UCRT 2.1.1 NOTE
r-patched-linux-x86_64 2.1.1 4.74 38.38 43.12 NOTE
r-patched-solaris-x86 2.1.1 77.60 NOTE
r-release-linux-x86_64 2.1.1 2.81 39.03 41.84 OK
r-release-macos-x86_64 2.1.1 NOTE
r-release-windows-ix86+x86_64 2.1.1 7.00 46.00 53.00 OK
r-oldrel-macos-x86_64 2.1.1 NOTE
r-oldrel-windows-ix86+x86_64 2.1.1 5.00 61.00 66.00 OK

Check Details

Version: 2.1.1
Check: LazyData
Result: NOTE
     'LazyData' is specified without a 'data' directory
Flavors: r-devel-linux-x86_64-debian-clang, r-devel-linux-x86_64-debian-gcc, r-devel-linux-x86_64-fedora-clang, r-devel-linux-x86_64-fedora-gcc, r-devel-windows-ix86+x86_64, r-devel-windows-x86_64-gcc10-UCRT, r-patched-linux-x86_64

Version: 2.1.1
Check: dependencies in R code
Result: NOTE
    Namespace in Imports field not imported from: ‘RcppParallel’
     All declared Imports should be used.
Flavors: r-devel-linux-x86_64-fedora-clang, r-devel-linux-x86_64-fedora-gcc, r-devel-windows-x86_64-gcc10-UCRT, r-patched-solaris-x86, r-release-macos-x86_64, r-oldrel-macos-x86_64