Last updated on 2023-12-04 22:57:53 CET.
Flavor | Version | Tinstall | Tcheck | Ttotal | Status | Flags |
---|---|---|---|---|---|---|
r-devel-linux-x86_64-debian-clang | 1.6.2 | 296.87 | 203.50 | 500.37 | WARN | |
r-devel-linux-x86_64-debian-gcc | 1.6.2 | 199.56 | 153.13 | 352.69 | WARN | |
r-devel-linux-x86_64-fedora-clang | 1.6.2 | 699.64 | WARN | |||
r-devel-linux-x86_64-fedora-gcc | 1.6.2 | 736.88 | WARN | |||
r-devel-windows-x86_64 | 1.6.2 | 207.00 | 250.00 | 457.00 | WARN | |
r-patched-linux-x86_64 | 1.6.2 | 245.06 | 198.60 | 443.66 | OK | |
r-release-linux-x86_64 | 1.6.2 | 243.32 | 198.75 | 442.07 | OK | |
r-release-macos-arm64 | 1.6.2 | 195.00 | NOTE | |||
r-release-macos-x86_64 | 1.6.2 | 314.00 | NOTE | |||
r-release-windows-x86_64 | 1.6.2 | 265.00 | 283.00 | 548.00 | OK | |
r-oldrel-macos-arm64 | 1.6.2 | 169.00 | NOTE | |||
r-oldrel-macos-x86_64 | 1.6.2 | 210.00 | NOTE | |||
r-oldrel-windows-x86_64 | 1.6.2 | 247.00 | 286.00 | 533.00 | OK |
Version: 1.6.2
Check: whether package can be installed
Result: WARN
Found the following significant warnings:
test-nmmin.cpp:1233:26: warning: format specifies type 'int' but the argument has type 'size_t' (aka 'unsigned long') [-Wformat]
See ‘/home/hornik/tmp/R.check/r-devel-clang/Work/PKGS/rstpm2.Rcheck/00install.out’ for details.
* used C compiler: ‘Debian clang version 17.0.5 (1)’
* used Fortran compiler: ‘Debian flang-new version 17.0.5 (1)’
* used C++ compiler: ‘Debian clang version 17.0.5 (1)’
Flavor: r-devel-linux-x86_64-debian-clang
Version: 1.6.2
Check: Rd files
Result: NOTE
checkRd: (-1) predict-methods.Rd:50: Lost braces in \itemize; meant \describe ?
checkRd: (-1) predict-methods.Rd:51: Lost braces in \itemize; meant \describe ?
checkRd: (-1) predict-methods.Rd:52: Lost braces in \itemize; meant \describe ?
checkRd: (-1) predict-methods.Rd:53: Lost braces in \itemize; meant \describe ?
checkRd: (-1) predict-methods.Rd:54: Lost braces in \itemize; meant \describe ?
checkRd: (-1) predict-methods.Rd:55: Lost braces in \itemize; meant \describe ?
checkRd: (-1) predict-methods.Rd:56: Lost braces in \itemize; meant \describe ?
checkRd: (-1) predict-methods.Rd:57: Lost braces in \itemize; meant \describe ?
checkRd: (-1) predict-methods.Rd:58: Lost braces in \itemize; meant \describe ?
checkRd: (-1) predict-methods.Rd:59: Lost braces in \itemize; meant \describe ?
checkRd: (-1) predict-methods.Rd:60: Lost braces in \itemize; meant \describe ?
checkRd: (-1) predict-methods.Rd:61: Lost braces in \itemize; meant \describe ?
checkRd: (-1) predict-methods.Rd:62: Lost braces in \itemize; meant \describe ?
checkRd: (-1) predict-methods.Rd:63: Lost braces in \itemize; meant \describe ?
checkRd: (-1) predict-methods.Rd:64: Lost braces in \itemize; meant \describe ?
checkRd: (-1) predict-methods.Rd:65: Lost braces in \itemize; meant \describe ?
checkRd: (-1) predict-methods.Rd:66: Lost braces in \itemize; meant \describe ?
checkRd: (-1) predict-methods.Rd:67: Lost braces in \itemize; meant \describe ?
checkRd: (-1) predict-methods.Rd:68: Lost braces in \itemize; meant \describe ?
checkRd: (-1) predict-methods.Rd:69: Lost braces in \itemize; meant \describe ?
checkRd: (-1) predict-methods.Rd:70-71: Lost braces in \itemize; meant \describe ?
checkRd: (-1) predict-methods.Rd:72: Lost braces in \itemize; meant \describe ?
checkRd: (-1) predict-methods.Rd:73: Lost braces in \itemize; meant \describe ?
checkRd: (-1) predict-methods.Rd:74: Lost braces in \itemize; meant \describe ?
checkRd: (-1) predict-methods.Rd:75: Lost braces in \itemize; meant \describe ?
checkRd: (-1) predict-methods.Rd:76: Lost braces in \itemize; meant \describe ?
checkRd: (-1) residuals-methods.Rd:24: Lost braces in \itemize; meant \describe ?
checkRd: (-1) residuals-methods.Rd:25-26: Lost braces in \itemize; meant \describe ?
Flavors: r-devel-linux-x86_64-debian-clang, r-devel-linux-x86_64-debian-gcc
Version: 1.6.2
Check: Rd metadata
Result: NOTE
Invalid package aliases in Rd file 'Rstpm2-package.Rd':
‘Rstpm2-package’
Flavors: r-devel-linux-x86_64-debian-clang, r-devel-linux-x86_64-debian-gcc, r-devel-linux-x86_64-fedora-clang, r-devel-linux-x86_64-fedora-gcc, r-devel-windows-x86_64
Version: 1.6.2
Check: whether package can be installed
Result: WARN
Found the following significant warnings:
test-nmmin.cpp:1233:24: warning: format ‘%i’ expects argument of type ‘int’, but argument 2 has type ‘size_t’ {aka ‘long unsigned int’} [-Wformat=]
See ‘/home/hornik/tmp/R.check/r-devel-gcc/Work/PKGS/rstpm2.Rcheck/00install.out’ for details.
* used C compiler: ‘gcc-13 (Debian 13.2.0-5) 13.2.0’
* used Fortran compiler: ‘GNU Fortran (Debian 13.2.0-5) 13.2.0’
* used C++ compiler: ‘g++-13 (Debian 13.2.0-5) 13.2.0’
Flavor: r-devel-linux-x86_64-debian-gcc
Version: 1.6.2
Check: whether package can be installed
Result: WARN
Found the following significant warnings:
test-nmmin.cpp:1233:26: warning: format specifies type 'int' but the argument has type 'size_t' (aka 'unsigned long') [-Wformat]
See ‘/data/gannet/ripley/R/packages/tests-clang/rstpm2.Rcheck/00install.out’ for details.
* used C compiler: ‘clang version 17.0.5’
* used Fortran compiler: ‘flang-new version 17.0.5’
* used C++ compiler: ‘clang version 17.0.5’
Flavor: r-devel-linux-x86_64-fedora-clang
Version: 1.6.2
Check: whether package can be installed
Result: WARN
Found the following significant warnings:
test-nmmin.cpp:1233:24: warning: format '%i' expects argument of type 'int', but argument 2 has type 'size_t' {aka 'long unsigned int'} [-Wformat=]
See ‘/data/gannet/ripley/R/packages/tests-devel/rstpm2.Rcheck/00install.out’ for details.
* used C compiler: ‘gcc-13 (GCC) 13.2.0’
* used Fortran compiler: ‘GNU Fortran (GCC) 13.2.0’
* used C++ compiler: ‘g++-13 (GCC) 13.2.0’
Flavor: r-devel-linux-x86_64-fedora-gcc
Version: 1.6.2
Check: whether package can be installed
Result: WARN
Found the following significant warnings:
test-nmmin.cpp:1233:24: warning: format '%i' expects argument of type 'int', but argument 2 has type 'size_t' {aka 'long long unsigned int'} [-Wformat=]
See 'd:/Rcompile/CRANpkg/local/4.4/rstpm2.Rcheck/00install.out' for details.
* used C compiler: 'gcc.exe (GCC) 12.3.0'
* used Fortran compiler: 'GNU Fortran (GCC) 12.3.0'
* used C++ compiler: 'g++.exe (GCC) 12.3.0'
Flavor: r-devel-windows-x86_64
Version: 1.6.2
Check: installed package size
Result: NOTE
installed size is 23.5Mb
sub-directories of 1Mb or more:
libs 20.8Mb
Flavors: r-release-macos-arm64, r-release-macos-x86_64, r-oldrel-macos-arm64, r-oldrel-macos-x86_64
Version: 1.6.2
Check: package dependencies
Result: NOTE
Package suggested but not available for checking: ‘flexsurv’
Flavor: r-release-macos-x86_64
Version: 1.6.2
Check: Rd cross-references
Result: NOTE
Package unavailable to check Rd xrefs: ‘flexsurv’
Flavor: r-release-macos-x86_64
Version: 1.6.2
Check: re-building of vignette outputs
Result: NOTE
Error(s) in re-building vignettes:
--- re-building ‘Introduction.Rnw’ using Sweave
Loading required package: survival
Loading required package: splines
Attaching package: ‘rstpm2’
The following object is masked from ‘package:survival’:
colon
Error: processing vignette 'Introduction.Rnw' failed with diagnostics:
Running 'texi2dvi' on 'Introduction.tex' failed.
LaTeX errors:
! LaTeX Error: File `wasysym.sty' not found.
Type X to quit or <RETURN> to proceed,
or enter new name. (Default extension: sty)
! Emergency stop.
<read *>
l.14 \usepackage
{tablefootnote}^^M
! ==> Fatal error occurred, no output PDF file produced!
--- failed re-building ‘Introduction.Rnw’
--- re-building ‘SimpleGuide.Rnw’ using Sweave
Loading required package: splines
Attaching package: ‘rstpm2’
The following object is masked from ‘package:survival’:
colon
Error: processing vignette 'SimpleGuide.Rnw' failed with diagnostics:
Running 'texi2dvi' on 'SimpleGuide.tex' failed.
LaTeX errors:
! LaTeX Error: File `wasysym.sty' not found.
Type X to quit or <RETURN> to proceed,
or enter new name. (Default extension: sty)
! Emergency stop.
<read *>
l.14 \usepackage
{tablefootnote}^^M
! ==> Fatal error occurred, no output PDF file produced!
--- failed re-building ‘SimpleGuide.Rnw’
--- re-building ‘multistate.Rnw’ using Sweave
Error: processing vignette 'multistate.Rnw' failed with diagnostics:
Running 'texi2dvi' on 'multistate.tex' failed.
LaTeX errors:
! LaTeX Error: File `wasysym.sty' not found.
Type X to quit or <RETURN> to proceed,
or enter new name. (Default extension: sty)
! Emergency stop.
<read *>
l.15 \usepackage
{tablefootnote}^^M
! ==> Fatal error occurred, no output PDF file produced!
--- failed re-building ‘multistate.Rnw’
--- re-building ‘predictnl.Rnw’ using Sweave
Loading required package: survival
Loading required package: splines
Attaching package: ‘rstpm2’
The following object is masked from ‘package:survival’:
colon
Warning in survfit.coxph(obj, se.fit = FALSE) :
the model contains interactions; the default curve based on columm means of the X matrix is almost certainly not useful. Consider adding a newdata argument.
--- finished re-building ‘predictnl.Rnw’
SUMMARY: processing the following files failed:
‘Introduction.Rnw’ ‘SimpleGuide.Rnw’ ‘multistate.Rnw’
Error: Vignette re-building failed.
Execution halted
Flavor: r-release-macos-x86_64