CRAN Package Check Results for Package rstpm2

Last updated on 2021-05-12 22:53:44 CEST.

Flavor Version Tinstall Tcheck Ttotal Status Flags
r-devel-linux-x86_64-debian-clang 1.5.2 191.98 187.50 379.48 OK
r-devel-linux-x86_64-debian-gcc 1.5.2 132.59 146.28 278.87 OK
r-devel-linux-x86_64-fedora-clang 1.5.2 543.23 NOTE
r-devel-linux-x86_64-fedora-gcc 1.5.2 458.18 OK
r-devel-windows-ix86+x86_64 1.5.2 423.00 244.00 667.00 NOTE
r-devel-windows-x86_64-gcc10-UCRT 1.5.2 OK
r-patched-linux-x86_64 1.5.2 164.56 181.67 346.23 OK
r-patched-solaris-x86 1.5.2 492.90 OK
r-release-linux-x86_64 1.5.2 155.18 174.36 329.54 OK
r-release-macos-x86_64 1.5.2 NOTE
r-release-windows-ix86+x86_64 1.5.2 309.00 320.00 629.00 NOTE
r-oldrel-macos-x86_64 1.5.2 NOTE
r-oldrel-windows-ix86+x86_64 1.5.2 361.00 303.00 664.00 NOTE

Check Details

Version: 1.5.2
Check: installed package size
Result: NOTE
     installed size is 15.8Mb
     sub-directories of 1Mb or more:
     libs 13.3Mb
Flavors: r-devel-linux-x86_64-fedora-clang, r-devel-windows-ix86+x86_64, r-release-macos-x86_64, r-release-windows-ix86+x86_64, r-oldrel-macos-x86_64, r-oldrel-windows-ix86+x86_64

Version: 1.5.2
Check: Rd cross-references
Result: NOTE
    Undeclared package ‘flexsurv’ in Rd xrefs
Flavor: r-devel-linux-x86_64-fedora-clang