CRAN Package Check Results for Package rsyntax

Last updated on 2021-12-01 22:53:24 CET.

Flavor Version Tinstall Tcheck Ttotal Status Flags
r-devel-linux-x86_64-debian-clang 0.1.2 7.31 68.37 75.68 OK
r-devel-linux-x86_64-debian-gcc 0.1.2 4.26 50.96 55.22 OK
r-devel-linux-x86_64-fedora-clang 0.1.2 97.31 NOTE
r-devel-linux-x86_64-fedora-gcc 0.1.2 84.87 OK
r-devel-windows-x86_64-new-UL 0.1.2 17.00 112.00 129.00 OK
r-devel-windows-x86_64-new-TK 0.1.2 OK
r-devel-windows-x86_64-old 0.1.2 11.00 75.00 86.00 OK
r-patched-linux-x86_64 0.1.2 7.43 63.16 70.59 OK
r-patched-solaris-x86 0.1.2 111.30 OK
r-release-linux-x86_64 0.1.2 7.40 63.22 70.62 OK
r-release-macos-arm64 0.1.2 OK
r-release-macos-x86_64 0.1.2 OK
r-release-windows-ix86+x86_64 0.1.2 12.00 90.00 102.00 OK
r-oldrel-macos-x86_64 0.1.2 OK
r-oldrel-windows-ix86+x86_64 0.1.2 12.00 86.00 98.00 OK

Check Details

Version: 0.1.2
Check: Rd cross-references
Result: NOTE
    Undeclared package ‘spacyr’ in Rd xrefs
Flavor: r-devel-linux-x86_64-fedora-clang