CRAN Package Check Results for Package rtext

Last updated on 2019-09-18 22:52:49 CEST.

Flavor Version Tinstall Tcheck Ttotal Status Flags
r-devel-linux-x86_64-debian-clang 0.1.21 18.65 64.17 82.82 OK
r-devel-linux-x86_64-debian-gcc 0.1.21 13.56 51.43 64.99 OK
r-devel-linux-x86_64-fedora-clang 0.1.21 109.90 NOTE
r-devel-linux-x86_64-fedora-gcc 0.1.21 106.54 NOTE
r-devel-windows-ix86+x86_64 0.1.21 51.00 132.00 183.00 OK
r-patched-linux-x86_64 0.1.21 15.86 64.31 80.17 OK
r-patched-solaris-x86 0.1.21 180.00 NOTE
r-release-linux-x86_64 0.1.21 15.74 63.65 79.39 OK
r-release-windows-ix86+x86_64 0.1.21 33.00 123.00 156.00 OK
r-release-osx-x86_64 0.1.21 NOTE
r-oldrel-windows-ix86+x86_64 0.1.21 32.00 123.00 155.00 ERROR
r-oldrel-osx-x86_64 0.1.21 NOTE

Check Details

Version: 0.1.21
Check: dependencies in R code
Result: NOTE
    Namespaces in Imports field not imported from:
     ‘RSQLite’ ‘stats’
     All declared Imports should be used.
Flavors: r-devel-linux-x86_64-fedora-clang, r-devel-linux-x86_64-fedora-gcc, r-patched-solaris-x86, r-release-osx-x86_64, r-oldrel-osx-x86_64

Version: 0.1.21
Check: data for non-ASCII characters
Result: NOTE
     Note: found 2 marked UTF-8 strings
Flavors: r-devel-linux-x86_64-fedora-clang, r-devel-linux-x86_64-fedora-gcc, r-patched-solaris-x86, r-release-osx-x86_64, r-oldrel-osx-x86_64

Version: 0.1.21
Check: running tests for arch ‘i386’
Result: ERROR
     Running 'test-all.R' [33s]
    Running the tests in 'tests/test-all.R' failed.
    Complete output:
     > library(testthat)
     > test_check("rtext")
     Loading required package: rtext
     Loading required package: stringb
     -- 1. Failure: easy examples work properly (@test_tools.R#336) ----------------
     which_token(x = 1:2, y1 = c(2, 1), y2 = c(2, 1)) not equal to c(2, 1).
     Lengths differ: 1 is not 2
    
     -- 2. Failure: easy examples work properly (@test_tools.R#342) ----------------
     which_token(x = 1:4, y1 = c(1, 3, 7), y2 = c(2, 6, 2000)) not equal to c(1, 1, 2, 2).
     Lengths differ: 1 is not 4
    
     == testthat results ===========================================================
     [ OK: 281 | SKIPPED: 0 | WARNINGS: 0 | FAILED: 2 ]
     1. Failure: easy examples work properly (@test_tools.R#336)
     2. Failure: easy examples work properly (@test_tools.R#342)
    
     Error: testthat unit tests failed
     Execution halted
Flavor: r-oldrel-windows-ix86+x86_64