CRAN Package Check Results for Package rtfbs

Last updated on 2018-12-09 22:58:42 CET.

Flavor Version Tinstall Tcheck Ttotal Status Flags
r-devel-linux-x86_64-debian-clang 0.3.9 61.19 42.63 103.82 OK
r-devel-linux-x86_64-debian-gcc 0.3.9 50.03 34.97 85.00 WARN
r-devel-linux-x86_64-fedora-clang 0.3.9 124.81 OK
r-devel-linux-x86_64-fedora-gcc 0.3.9 135.67 WARN
r-devel-windows-ix86+x86_64 0.3.9 217.00 164.00 381.00 OK
r-patched-linux-x86_64 0.3.9 59.91 42.57 102.48 WARN
r-patched-solaris-x86 0.3.9 215.70 OK
r-release-linux-x86_64 0.3.9 59.75 42.76 102.51 WARN
r-release-windows-ix86+x86_64 0.3.9 235.00 131.00 366.00 OK
r-release-osx-x86_64 0.3.9 OK
r-oldrel-windows-ix86+x86_64 0.3.9 170.00 165.00 335.00 OK
r-oldrel-osx-x86_64 0.3.9 OK

Check Details

Version: 0.3.9
Check: whether package can be installed
Result: WARN
    Found the following significant warnings:
     bgc_hmm.c:241:31: warning: ‘, ’ directive writing 2 bytes into a region of size between 1 and 10000 [-Wformat-overflow=]
     rph_tfbs.c:371:11: warning: ‘strncpy’ output truncated before terminating nul copying as many bytes from a string as its length [-Wstringop-truncation]
     rph_tfbs.c:351:11: warning: ‘strncpy’ output truncated before terminating nul copying as many bytes from a string as its length [-Wstringop-truncation]
     rph_tfbs.c:819:5: warning: ‘strncpy’ output truncated before terminating nul copying as many bytes from a string as its length [-Wstringop-truncation]
Flavors: r-devel-linux-x86_64-debian-gcc, r-devel-linux-x86_64-fedora-gcc, r-patched-linux-x86_64, r-release-linux-x86_64