CRAN Package Check Results for Package rtfbs

Last updated on 2019-03-20 22:48:09 CET.

Flavor Version Tinstall Tcheck Ttotal Status Flags
r-devel-linux-x86_64-debian-clang 0.3.9 57.07 45.03 102.10 OK
r-devel-linux-x86_64-debian-gcc 0.3.9 46.28 37.04 83.32 WARN
r-devel-linux-x86_64-fedora-clang 0.3.9 130.11 OK
r-devel-linux-x86_64-fedora-gcc 0.3.9 135.52 WARN
r-devel-windows-ix86+x86_64 0.3.9 156.00 143.00 299.00 OK
r-patched-linux-x86_64 0.3.9 56.54 42.50 99.04 WARN
r-patched-solaris-x86 0.3.9 197.70 OK
r-release-linux-x86_64 0.3.9 52.77 42.82 95.59 WARN
r-release-windows-ix86+x86_64 0.3.9 240.00 166.00 406.00 OK
r-release-osx-x86_64 0.3.9 OK
r-oldrel-windows-ix86+x86_64 0.3.9 164.00 164.00 328.00 OK
r-oldrel-osx-x86_64 0.3.9 OK

Check Details

Version: 0.3.9
Check: whether package can be installed
Result: WARN
    Found the following significant warnings:
     bgc_hmm.c:241:31: warning: ‘, ’ directive writing 2 bytes into a region of size between 1 and 10000 [-Wformat-overflow=]
     rph_tfbs.c:371:11: warning: ‘strncpy’ output truncated before terminating nul copying as many bytes from a string as its length [-Wstringop-truncation]
     rph_tfbs.c:351:11: warning: ‘strncpy’ output truncated before terminating nul copying as many bytes from a string as its length [-Wstringop-truncation]
     rph_tfbs.c:819:5: warning: ‘strncpy’ output truncated before terminating nul copying as many bytes from a string as its length [-Wstringop-truncation]
Flavors: r-devel-linux-x86_64-debian-gcc, r-devel-linux-x86_64-fedora-gcc, r-patched-linux-x86_64, r-release-linux-x86_64