CRAN Package Check Results for Package rtfbs

Last updated on 2018-09-19 22:50:01 CEST.

Flavor Version Tinstall Tcheck Ttotal Status Flags
r-devel-linux-x86_64-debian-clang 0.3.9 56.66 43.28 99.94 OK
r-devel-linux-x86_64-debian-gcc 0.3.9 51.06 35.38 86.44 WARN
r-devel-linux-x86_64-fedora-clang 0.3.9 127.82 OK
r-devel-linux-x86_64-fedora-gcc 0.3.9 132.53 WARN
r-devel-windows-ix86+x86_64 0.3.9 161.00 165.00 326.00 OK
r-patched-linux-x86_64 0.3.9 63.75 42.72 106.47 WARN
r-patched-solaris-x86 0.3.9 192.90 OK
r-release-linux-x86_64 0.3.9 60.92 42.85 103.77 WARN
r-release-windows-ix86+x86_64 0.3.9 211.00 138.00 349.00 OK
r-release-osx-x86_64 0.3.9 OK
r-oldrel-windows-ix86+x86_64 0.3.9 173.00 146.00 319.00 OK
r-oldrel-osx-x86_64 0.3.9 OK

Check Details

Version: 0.3.9
Check: whether package can be installed
Result: WARN
    Found the following significant warnings:
     bgc_hmm.c:241:31: warning: ‘, ’ directive writing 2 bytes into a region of size between 1 and 10000 [-Wformat-overflow=]
     rph_tfbs.c:371:11: warning: ‘strncpy’ output truncated before terminating nul copying as many bytes from a string as its length [-Wstringop-truncation]
     rph_tfbs.c:351:11: warning: ‘strncpy’ output truncated before terminating nul copying as many bytes from a string as its length [-Wstringop-truncation]
     rph_tfbs.c:819:5: warning: ‘strncpy’ output truncated before terminating nul copying as many bytes from a string as its length [-Wstringop-truncation]
Flavors: r-devel-linux-x86_64-debian-gcc, r-devel-linux-x86_64-fedora-gcc, r-patched-linux-x86_64, r-release-linux-x86_64