CRAN Package Check Results for Package rticles

Last updated on 2021-05-12 22:53:44 CEST.

Flavor Version Tinstall Tcheck Ttotal Status Flags
r-devel-linux-x86_64-debian-clang 0.19 3.95 33.65 37.60 NOTE
r-devel-linux-x86_64-debian-gcc 0.19 2.78 26.07 28.85 NOTE
r-devel-linux-x86_64-fedora-clang 0.19 54.93 NOTE
r-devel-linux-x86_64-fedora-gcc 0.19 41.05 NOTE
r-devel-windows-ix86+x86_64 0.19 9.00 39.00 48.00 NOTE
r-devel-windows-x86_64-gcc10-UCRT 0.19 NOTE
r-patched-linux-x86_64 0.19 6.91 31.63 38.54 NOTE
r-patched-solaris-x86 0.19 65.90 NOTE
r-release-linux-x86_64 0.19 3.45 31.28 34.73 NOTE
r-release-macos-x86_64 0.19 NOTE
r-release-windows-ix86+x86_64 0.19 6.00 60.00 66.00 NOTE
r-oldrel-macos-x86_64 0.19 NOTE
r-oldrel-windows-ix86+x86_64 0.19 7.00 47.00 54.00 NOTE

Check Details

Version: 0.19
Check: for GNU extensions in Makefiles
Result: NOTE
    GNU make is a SystemRequirements.
Flavors: r-devel-linux-x86_64-debian-clang, r-devel-linux-x86_64-debian-gcc, r-devel-linux-x86_64-fedora-clang, r-devel-linux-x86_64-fedora-gcc, r-devel-windows-ix86+x86_64, r-devel-windows-x86_64-gcc10-UCRT, r-patched-linux-x86_64, r-patched-solaris-x86, r-release-linux-x86_64, r-release-macos-x86_64, r-release-windows-ix86+x86_64, r-oldrel-macos-x86_64, r-oldrel-windows-ix86+x86_64

Version: 0.19
Check: installed package size
Result: NOTE
     installed size is 5.3Mb
     sub-directories of 1Mb or more:
     rmarkdown 5.1Mb
Flavors: r-devel-linux-x86_64-fedora-clang, r-patched-solaris-x86