CRAN Package Check Results for Package rtodoist

Last updated on 2021-11-29 22:59:24 CET.

Flavor Version Tinstall Tcheck Ttotal Status Flags
r-devel-linux-x86_64-debian-clang 0.1.0 4.56 44.98 49.54 NOTE
r-devel-linux-x86_64-debian-gcc 0.1.0 3.34 33.59 36.93 NOTE
r-devel-linux-x86_64-fedora-clang 0.1.0 71.17 NOTE
r-devel-linux-x86_64-fedora-gcc 0.1.0 57.78 NOTE
r-devel-windows-x86_64-new-UL 0.1.0 14.00 87.00 101.00 NOTE
r-devel-windows-x86_64-new-TK 0.1.0 NOTE
r-devel-windows-x86_64-old 0.1.0 8.00 50.00 58.00 NOTE
r-patched-linux-x86_64 0.1.0 4.60 41.38 45.98 NOTE
r-patched-solaris-x86 0.1.0 81.60 NOTE
r-release-linux-x86_64 0.1.0 3.62 40.72 44.34 NOTE
r-release-macos-arm64 0.1.0 NOTE
r-release-macos-x86_64 0.1.0 NOTE
r-release-windows-ix86+x86_64 0.1.0 12.00 45.00 57.00 NOTE
r-oldrel-macos-x86_64 0.1.0 OK
r-oldrel-windows-ix86+x86_64 0.1.0 10.00 63.00 73.00 OK

Check Details

Version: 0.1.0
Check: LazyData
Result: NOTE
     'LazyData' is specified without a 'data' directory
Flavors: r-devel-linux-x86_64-debian-clang, r-devel-linux-x86_64-debian-gcc, r-devel-linux-x86_64-fedora-clang, r-devel-linux-x86_64-fedora-gcc, r-devel-windows-x86_64-new-UL, r-devel-windows-x86_64-new-TK, r-devel-windows-x86_64-old, r-patched-linux-x86_64, r-patched-solaris-x86, r-release-linux-x86_64, r-release-macos-arm64, r-release-macos-x86_64, r-release-windows-ix86+x86_64