CRAN Package Check Results for Package rtodoist

Last updated on 2024-07-23 22:49:50 CEST.

Flavor Version Tinstall Tcheck Ttotal Status Flags
r-devel-linux-x86_64-debian-clang 0.1.0 4.05 47.47 51.52 NOTE
r-devel-linux-x86_64-debian-gcc 0.1.0 2.82 36.04 38.86 NOTE
r-devel-linux-x86_64-fedora-clang 0.1.0 68.34 NOTE
r-devel-linux-x86_64-fedora-gcc 0.1.0 75.24 NOTE
r-devel-windows-x86_64 0.1.0 7.00 60.00 67.00 NOTE
r-patched-linux-x86_64 0.1.0 4.42 45.85 50.27 NOTE
r-release-linux-x86_64 0.1.0 5.00 45.82 50.82 NOTE
r-release-macos-arm64 0.1.0 30.00 NOTE
r-release-macos-x86_64 0.1.0 43.00 NOTE
r-release-windows-x86_64 0.1.0 6.00 59.00 65.00 NOTE
r-oldrel-macos-arm64 0.1.0 32.00 NOTE
r-oldrel-macos-x86_64 0.1.0 45.00 NOTE
r-oldrel-windows-x86_64 0.1.0 8.00 62.00 70.00 NOTE

Check Details

Version: 0.1.0
Check: LazyData
Result: NOTE 'LazyData' is specified without a 'data' directory Flavors: r-devel-linux-x86_64-debian-clang, r-devel-linux-x86_64-debian-gcc, r-devel-linux-x86_64-fedora-clang, r-devel-linux-x86_64-fedora-gcc, r-devel-windows-x86_64, r-patched-linux-x86_64, r-release-linux-x86_64, r-release-macos-arm64, r-release-macos-x86_64, r-release-windows-x86_64, r-oldrel-macos-arm64, r-oldrel-macos-x86_64, r-oldrel-windows-x86_64