CRAN Package Check Results for Package rtrek

Last updated on 2020-02-24 22:50:37 CET.

Flavor Version Tinstall Tcheck Ttotal Status Flags
r-devel-linux-x86_64-debian-clang 0.3.0 6.00 41.99 47.99 OK
r-devel-linux-x86_64-debian-gcc 0.3.0 4.44 32.00 36.44 OK
r-devel-linux-x86_64-fedora-clang 0.3.0 58.52 NOTE
r-devel-linux-x86_64-fedora-gcc 0.3.0 55.09 NOTE
r-devel-windows-ix86+x86_64 0.3.0 11.00 45.00 56.00 OK
r-devel-windows-ix86+x86_64-gcc8 0.3.0 16.00 52.00 68.00 OK
r-patched-linux-x86_64 0.3.0 3.83 37.26 41.09 OK
r-patched-solaris-x86 0.3.0 66.50 NOTE
r-release-linux-x86_64 0.3.0 4.20 37.28 41.48 OK
r-release-windows-ix86+x86_64 0.3.0 9.00 46.00 55.00 OK
r-release-osx-x86_64 0.3.0 NOTE
r-oldrel-windows-ix86+x86_64 0.3.0 7.00 44.00 51.00 OK
r-oldrel-osx-x86_64 0.3.0 NOTE

Check Details

Version: 0.3.0
Check: dependencies in R code
Result: NOTE
    Namespaces in Imports field not imported from:
     ‘memoise’ ‘tidyr’
     All declared Imports should be used.
Flavors: r-devel-linux-x86_64-fedora-clang, r-devel-linux-x86_64-fedora-gcc, r-patched-solaris-x86, r-release-osx-x86_64, r-oldrel-osx-x86_64

Version: 0.3.0
Check: data for non-ASCII characters
Result: NOTE
     Note: found 37 marked UTF-8 strings
Flavors: r-devel-linux-x86_64-fedora-clang, r-devel-linux-x86_64-fedora-gcc, r-patched-solaris-x86, r-release-osx-x86_64, r-oldrel-osx-x86_64